Last updated on 2023-01-26 19:49:39 CET.
Flavor | Version | Tinstall | Tcheck | Ttotal | Status | Flags |
---|---|---|---|---|---|---|
r-devel-linux-x86_64-debian-clang | 0.2.1 | 98.00 | 125.52 | 223.52 | OK | |
r-devel-linux-x86_64-debian-gcc | 0.2.1 | 81.69 | 90.33 | 172.02 | OK | |
r-devel-linux-x86_64-fedora-clang | 0.2.1 | 331.24 | OK | |||
r-devel-linux-x86_64-fedora-gcc | 0.2.1 | 283.19 | NOTE | |||
r-devel-windows-x86_64 | 0.2.1 | 105.00 | 170.00 | 275.00 | OK | |
r-patched-linux-x86_64 | 0.2.1 | 68.09 | 115.38 | 183.47 | OK | |
r-release-linux-x86_64 | 0.2.1 | 64.95 | 113.56 | 178.51 | OK | |
r-release-macos-arm64 | 0.2.1 | 72.00 | OK | |||
r-release-macos-x86_64 | 0.2.1 | 116.00 | OK | |||
r-release-windows-x86_64 | 0.2.1 | 98.00 | 167.00 | 265.00 | OK | |
r-oldrel-macos-arm64 | 0.2.1 | 83.00 | OK | |||
r-oldrel-macos-x86_64 | 0.2.1 | 147.00 | OK | |||
r-oldrel-windows-ix86+x86_64 | 0.2.1 | 269.00 | 17.00 | 286.00 | ERROR |
Version: 0.2.1
Check: C++ specification
Result: NOTE
Specified C++11: please update to current default of C++17
Flavor: r-devel-linux-x86_64-fedora-gcc
Version: 0.2.1
Check: whether package can be installed
Result: ERROR
Installation failed.
Flavor: r-oldrel-windows-ix86+x86_64