CRAN Package Check Results for Package Signac

Last updated on 2020-08-04 21:48:27 CEST.

Flavor Version Tinstall Tcheck Ttotal Status Flags
r-devel-linux-x86_64-debian-clang 0.2.5 35.99 353.34 389.33 OK
r-devel-linux-x86_64-debian-gcc 0.2.5 30.83 262.65 293.48 OK
r-devel-linux-x86_64-fedora-clang 0.2.5 559.15 NOTE
r-devel-linux-x86_64-fedora-gcc 0.2.5 574.26 NOTE
r-devel-windows-ix86+x86_64 0.2.5 116.00 359.00 475.00 OK
r-patched-linux-x86_64 0.2.5 26.11 337.37 363.48 OK
r-patched-solaris-x86 0.2.5 617.80 NOTE
r-release-linux-x86_64 0.2.5 35.39 339.13 374.52 OK
r-release-macos-x86_64 0.2.5 NOTE
r-release-windows-ix86+x86_64 0.2.5 90.00 365.00 455.00 OK
r-oldrel-macos-x86_64 0.2.5 ERROR
r-oldrel-windows-ix86+x86_64 0.2.5 67.00 338.00 405.00 OK

Check Details

Version: 0.2.5
Check: package dependencies
Result: NOTE
    Packages suggested but not available for checking:
     'chromVAR', 'TFBSTools', 'motifmatchr'
Flavors: r-devel-linux-x86_64-fedora-clang, r-devel-linux-x86_64-fedora-gcc, r-patched-solaris-x86, r-release-macos-x86_64, r-oldrel-macos-x86_64

Version: 0.2.5
Check: Rd cross-references
Result: NOTE
    Packages unavailable to check Rd xrefs: ‘TFBSTools’, ‘motifmatchr’, ‘chromVAR’
Flavors: r-devel-linux-x86_64-fedora-clang, r-devel-linux-x86_64-fedora-gcc, r-patched-solaris-x86, r-release-macos-x86_64

Version: 0.2.5
Check: whether package can be installed
Result: ERROR
    Installation failed.
Flavor: r-oldrel-macos-x86_64