Last updated on 2023-02-02 07:53:11 CET.
Flavor | Version | Tinstall | Tcheck | Ttotal | Status | Flags |
---|---|---|---|---|---|---|
r-devel-linux-x86_64-debian-clang | 0.1.0 | 5.52 | 46.74 | 52.26 | NOTE | |
r-devel-linux-x86_64-debian-gcc | 0.1.0 | 4.60 | 34.55 | 39.15 | NOTE | |
r-devel-linux-x86_64-fedora-clang | 0.1.0 | 70.87 | NOTE | |||
r-devel-linux-x86_64-fedora-gcc | 0.1.0 | 66.98 | NOTE | |||
r-patched-linux-x86_64 | 0.1.0 | 4.62 | 45.24 | 49.86 | NOTE | |
r-release-linux-x86_64 | 0.1.0 | 4.27 | 50.45 | 54.72 | NOTE | |
r-release-macos-arm64 | 0.1.0 | 22.00 | NOTE | |||
r-release-macos-x86_64 | 0.1.0 | 44.00 | NOTE | |||
r-release-windows-x86_64 | 0.1.0 | 10.00 | 84.00 | 94.00 | NOTE | |
r-oldrel-macos-arm64 | 0.1.0 | 27.00 | NOTE | |||
r-oldrel-macos-x86_64 | 0.1.0 | 41.00 | NOTE | |||
r-oldrel-windows-ix86+x86_64 | 0.1.0 | 14.00 | 78.00 | 92.00 | NOTE |
Version: 0.1.0
Check: LazyData
Result: NOTE
'LazyData' is specified without a 'data' directory
Flavors: r-devel-linux-x86_64-debian-clang, r-devel-linux-x86_64-debian-gcc, r-devel-linux-x86_64-fedora-clang, r-devel-linux-x86_64-fedora-gcc, r-patched-linux-x86_64, r-release-linux-x86_64, r-release-macos-arm64, r-release-macos-x86_64, r-release-windows-x86_64, r-oldrel-macos-arm64, r-oldrel-macos-x86_64, r-oldrel-windows-ix86+x86_64