CRAN Package Check Results for Package ShapleyValue

Last updated on 2021-12-04 07:50:34 CET.

Flavor Version Tinstall Tcheck Ttotal Status Flags
r-devel-linux-x86_64-debian-clang 0.2.0 2.42 36.93 39.35 OK
r-devel-linux-x86_64-debian-gcc 0.2.0 1.88 29.12 31.00 OK
r-devel-linux-x86_64-fedora-clang 0.2.0 49.91 NOTE
r-devel-linux-x86_64-fedora-gcc 0.2.0 37.06 NOTE
r-devel-windows-x86_64-new-UL 0.2.0 7.00 68.00 75.00 OK
r-devel-windows-x86_64-new-TK 0.2.0 NOTE
r-devel-windows-x86_64-old 0.2.0 6.00 36.00 42.00 OK
r-patched-linux-x86_64 0.2.0 2.46 27.12 29.58 OK
r-release-linux-x86_64 0.2.0 2.31 26.81 29.12 OK
r-release-macos-arm64 0.2.0 NOTE
r-release-macos-x86_64 0.2.0 NOTE
r-release-windows-ix86+x86_64 0.2.0 7.00 47.00 54.00 OK
r-oldrel-macos-x86_64 0.2.0 NOTE
r-oldrel-windows-ix86+x86_64 0.2.0 6.00 56.00 62.00 OK

Check Details

Version: 0.2.0
Check: dependencies in R code
Result: NOTE
    Namespaces in Imports field not imported from:
     ‘MASS’ ‘kableExtra’ ‘tidyverse’
     All declared Imports should be used.
Flavors: r-devel-linux-x86_64-fedora-clang, r-devel-linux-x86_64-fedora-gcc, r-devel-windows-x86_64-new-TK, r-release-macos-arm64, r-release-macos-x86_64, r-oldrel-macos-x86_64