CRAN Package Check Results for Package Seurat

Last updated on 2021-11-28 07:50:56 CET.

Flavor Version Tinstall Tcheck Ttotal Status Flags
r-devel-linux-x86_64-debian-clang 4.0.5 OK
r-devel-linux-x86_64-debian-gcc 4.0.5 88.43 284.98 373.41 OK
r-devel-linux-x86_64-fedora-clang 4.0.5 656.90 NOTE
r-devel-linux-x86_64-fedora-gcc 4.0.5 671.46 OK
r-devel-windows-x86_64-new-UL 4.0.5 202.00 532.00 734.00 OK
r-devel-windows-x86_64-new-TK 4.0.5 OK
r-devel-windows-x86_64-old 4.0.5 152.00 399.00 551.00 OK
r-patched-linux-x86_64 4.0.5 91.26 369.72 460.98 OK
r-patched-solaris-x86 4.0.5 713.50 ERROR
r-release-linux-x86_64 4.0.5 99.46 371.28 470.74 OK
r-release-macos-arm64 4.0.5 NOTE
r-release-macos-x86_64 4.0.5 NOTE
r-release-windows-ix86+x86_64 4.0.5 275.00 675.00 950.00 OK
r-oldrel-macos-x86_64 4.0.5 NOTE
r-oldrel-windows-ix86+x86_64 4.0.5 198.00 8.00 206.00 ERROR

Check Details

Version: 4.0.5
Check: package dependencies
Result: NOTE
    Imports includes 41 non-default packages.
    Importing from so many packages makes the package vulnerable to any of
    them becoming unavailable. Move as many as possible to Suggests and
    use conditionally.
Flavor: r-devel-linux-x86_64-fedora-clang

Version: 4.0.5
Check: installed package size
Result: NOTE
     installed size is 9.0Mb
     sub-directories of 1Mb or more:
     R 1.3Mb
     libs 7.0Mb
Flavors: r-devel-linux-x86_64-fedora-clang, r-release-macos-arm64, r-release-macos-x86_64, r-oldrel-macos-x86_64

Version: 4.0.5
Check: Rd cross-references
Result: NOTE
    Undeclared package ‘Signac’ in Rd xrefs
Flavor: r-devel-linux-x86_64-fedora-clang

Version: 4.0.5
Check: tests
Result: ERROR
     Running ‘testthat.R’ [117s/141s]
    Running the tests in ‘tests/testthat.R’ failed.
    Complete output:
     > library(testthat)
     > library(Seurat)
     Attaching SeuratObject
     >
     > test_check("Seurat")
     ══ Skipped tests ═══════════════════════════════════════════════════════════════
     • On CRAN (19)
    
     ══ Failed tests ════════════════════════════════════════════════════════════════
     ── Error (test_load_10X.R:35:3): (code run outside of `test_that()`) ───────────
     Error in `self$read_low_level(file_space = self_space_id, mem_space = mem_space_id,
     dataset_xfer_pl = dataset_xfer_pl, set_dim = TRUE, dim_to_set = dim_to_set,
     drop = drop)`: HDF5-API Errors:
     error #000: H5T.c in H5Tget_class(): line 2090: not a datatype
     class: HDF5
     major: Invalid arguments to routine
     minor: Inappropriate type
    
     Backtrace:
     █
     1. └─Seurat::Load10X_Spatial(data.dir = "../testdata/visium") test_load_10X.R:35:2
     2. └─Seurat::Read10X_h5(...)
     3. ├─infile[[paste0(genome, "/", feature_slot)]][]
     4. └─hdf5r:::`[.H5D`(...)
     5. └─x$read(...)
     6. └─self$read_low_level(...)
    
     [ FAIL 1 | WARN 0 | SKIP 19 | PASS 587 ]
     Error: Test failures
     Execution halted
Flavor: r-patched-solaris-x86

Version: 4.0.5
Check: package dependencies
Result: NOTE
    Package suggested but not available for checking: ‘monocle’
Flavor: r-release-macos-arm64

Version: 4.0.5
Check: package dependencies
Result: NOTE
    Packages suggested but not available for checking: 'MAST', 'monocle'
Flavors: r-release-macos-x86_64, r-oldrel-macos-x86_64

Version: 4.0.5
Check: dependencies in R code
Result: NOTE
    Missing or unexported objects:
     ‘SingleCellExperiment::mainExpName’
     ‘SingleCellExperiment::mainExpName<-’
Flavor: r-oldrel-macos-x86_64

Version: 4.0.5
Check: whether package can be installed
Result: ERROR
    Installation failed.
Flavor: r-oldrel-windows-ix86+x86_64