CRAN Package Check Results for Package Seurat

Last updated on 2020-05-29 10:47:34 CEST.

Flavor Version Tinstall Tcheck Ttotal Status Flags
r-devel-linux-x86_64-debian-clang 3.1.5 126.49 350.06 476.55 NOTE
r-devel-linux-x86_64-debian-gcc 3.1.5 94.17 267.06 361.23 NOTE
r-devel-linux-x86_64-fedora-clang 3.1.5 626.28 NOTE
r-devel-linux-x86_64-fedora-gcc 3.1.5 598.62 NOTE
r-devel-windows-ix86+x86_64 3.1.5 279.00 651.00 930.00 NOTE
r-patched-linux-x86_64 3.1.5 104.72 348.72 453.44 NOTE
r-patched-solaris-x86 3.1.5 616.50 NOTE
r-release-linux-x86_64 3.1.5 105.19 345.70 450.89 NOTE
r-release-osx-x86_64 3.1.5 NOTE
r-release-windows-ix86+x86_64 3.1.5 222.00 560.00 782.00 NOTE
r-oldrel-osx-x86_64 3.1.5 NOTE
r-oldrel-windows-ix86+x86_64 3.1.5 205.00 489.00 694.00 NOTE

Check Details

Version: 3.1.5
Check: package dependencies
Result: NOTE
    Packages suggested but not available for checking: 'loomR', 'SDMTools'
Flavors: r-devel-linux-x86_64-debian-clang, r-devel-linux-x86_64-debian-gcc, r-patched-linux-x86_64, r-release-linux-x86_64

Version: 3.1.5
Check: Rd cross-references
Result: NOTE
    Package unavailable to check Rd xrefs: 'loomR'
    Unknown package 'SDMTools' in Rd xrefs
Flavors: r-devel-linux-x86_64-debian-clang, r-devel-linux-x86_64-debian-gcc, r-devel-linux-x86_64-fedora-clang, r-devel-linux-x86_64-fedora-gcc, r-patched-linux-x86_64, r-patched-solaris-x86, r-release-linux-x86_64, r-release-osx-x86_64

Version: 3.1.5
Check: package dependencies
Result: NOTE
    Packages suggested but not available for checking:
     'loomR', 'SDMTools', 'MAST', 'monocle'
    
    Imports includes 35 non-default packages.
    Importing from so many packages makes the package vulnerable to any of
    them becoming unavailable. Move as many as possible to Suggests and
    use conditionally.
Flavor: r-devel-linux-x86_64-fedora-clang

Version: 3.1.5
Check: installed package size
Result: NOTE
     installed size is 9.4Mb
     sub-directories of 1Mb or more:
     R 1.1Mb
     libs 7.7Mb
Flavors: r-devel-linux-x86_64-fedora-clang, r-release-osx-x86_64, r-oldrel-osx-x86_64

Version: 3.1.5
Check: package dependencies
Result: NOTE
    Packages suggested but not available for checking:
     'loomR', 'SDMTools', 'MAST', 'monocle'
Flavor: r-devel-linux-x86_64-fedora-gcc

Version: 3.1.5
Check: package dependencies
Result: NOTE
    Package suggested but not available for checking: 'loomR'
Flavors: r-devel-windows-ix86+x86_64, r-release-windows-ix86+x86_64, r-oldrel-windows-ix86+x86_64

Version: 3.1.5
Check: Rd cross-references
Result: NOTE
    Package unavailable to check Rd xrefs: 'loomR'
Flavors: r-devel-windows-ix86+x86_64, r-release-windows-ix86+x86_64, r-oldrel-osx-x86_64, r-oldrel-windows-ix86+x86_64

Version: 3.1.5
Check: package dependencies
Result: NOTE
    Packages suggested but not available for checking:
     'loomR', 'SDMTools', 'monocle'
Flavor: r-patched-solaris-x86

Version: 3.1.5
Check: package dependencies
Result: NOTE
    Packages suggested but not available for checking:
     'loomR', 'SDMTools', 'SingleCellExperiment', 'MAST', 'monocle'
Flavor: r-release-osx-x86_64

Version: 3.1.5
Check: package dependencies
Result: NOTE
    Packages suggested but not available for checking:
     'loomR', 'SingleCellExperiment', 'MAST', 'monocle'
Flavor: r-oldrel-osx-x86_64