Last updated on 2023-06-10 11:51:37 CEST.
Flavor | Version | Tinstall | Tcheck | Ttotal | Status | Flags |
---|---|---|---|---|---|---|
r-devel-linux-x86_64-debian-clang | 1.1.3 | 87.67 | 75.18 | 162.85 | OK | |
r-devel-linux-x86_64-debian-gcc | 1.1.3 | 69.12 | 58.04 | 127.16 | OK | |
r-devel-linux-x86_64-fedora-clang | 1.1.3 | 234.31 | NOTE | |||
r-devel-linux-x86_64-fedora-gcc | 1.1.3 | 215.05 | NOTE | |||
r-devel-windows-x86_64 | 1.1.3 | 73.00 | 116.00 | 189.00 | NOTE | |
r-patched-linux-x86_64 | 1.1.3 | 81.26 | 72.81 | 154.07 | OK | |
r-release-linux-x86_64 | 1.1.3 | 75.35 | 71.43 | 146.78 | OK | |
r-release-macos-arm64 | 1.1.3 | 76.00 | NOTE | |||
r-release-macos-x86_64 | 1.1.3 | 106.00 | NOTE | |||
r-release-windows-x86_64 | 1.1.3 | 93.00 | 136.00 | 229.00 | NOTE | |
r-oldrel-macos-arm64 | 1.1.3 | 65.00 | NOTE | |||
r-oldrel-macos-x86_64 | 1.1.3 | 108.00 | NOTE | |||
r-oldrel-windows-x86_64 | 1.1.3 | 91.00 | 111.00 | 202.00 | NOTE |
Version: 1.1.3
Check: installed package size
Result: NOTE
installed size is 5.3Mb
sub-directories of 1Mb or more:
data 4.7Mb
Flavors: r-devel-linux-x86_64-fedora-clang, r-devel-windows-x86_64, r-release-macos-arm64, r-release-macos-x86_64, r-release-windows-x86_64, r-oldrel-macos-arm64, r-oldrel-macos-x86_64, r-oldrel-windows-x86_64
Version: 1.1.3
Check: dependencies in R code
Result: NOTE
Namespace in Imports field not imported from: ‘Rdpack’
All declared Imports should be used.
Flavors: r-devel-linux-x86_64-fedora-clang, r-devel-linux-x86_64-fedora-gcc, r-oldrel-macos-arm64, r-oldrel-macos-x86_64