Last updated on 2025-01-25 07:50:42 CET.
Flavor | Version | Tinstall | Tcheck | Ttotal | Status | Flags |
---|---|---|---|---|---|---|
r-devel-linux-x86_64-debian-clang | 0.0.8 | 19.29 | 40.34 | 59.63 | OK | |
r-devel-linux-x86_64-debian-gcc | 0.0.8 | 13.49 | 29.93 | 43.42 | OK | |
r-devel-linux-x86_64-fedora-clang | 0.0.8 | 110.71 | OK | |||
r-devel-linux-x86_64-fedora-gcc | 0.0.8 | 117.04 | OK | |||
r-devel-windows-x86_64 | 0.0.8 | 27.00 | 88.00 | 115.00 | OK | |
r-patched-linux-x86_64 | 0.0.8 | 18.21 | 38.11 | 56.32 | OK | |
r-release-linux-x86_64 | 0.0.8 | 18.77 | 37.82 | 56.59 | OK | |
r-release-macos-arm64 | 0.0.8 | 41.00 | OK | |||
r-release-macos-x86_64 | 0.0.8 | 54.00 | OK | |||
r-release-windows-x86_64 | 0.0.8 | 26.00 | 89.00 | 115.00 | NOTE | |
r-oldrel-macos-arm64 | 0.0.8 | 43.00 | OK | |||
r-oldrel-macos-x86_64 | 0.0.8 | 66.00 | OK | |||
r-oldrel-windows-x86_64 | 0.0.8 | 30.00 | 95.00 | 125.00 | NOTE |
Version: 0.0.8
Check: package dependencies
Result: NOTE
Package suggested but not available for checking: 'doMC'
Flavors: r-release-windows-x86_64, r-oldrel-windows-x86_64