CRAN Package Check Results for Package SentimentAnalysis

Last updated on 2021-09-22 08:50:30 CEST.

Flavor Version Tinstall Tcheck Ttotal Status Flags
r-devel-linux-x86_64-debian-clang 1.3-4 3.84 83.23 87.07 OK
r-devel-linux-x86_64-debian-gcc 1.3-4 2.99 60.53 63.52 OK
r-devel-linux-x86_64-fedora-clang 1.3-4 112.26 OK
r-devel-linux-x86_64-fedora-gcc 1.3-4 101.58 OK
r-devel-windows-x86_64 1.3-4 4.00 83.00 87.00 OK
r-devel-windows-x86_64-gcc10-UCRT 1.3-4 ERROR
r-patched-linux-x86_64 1.3-4 4.56 78.76 83.32 OK
r-patched-solaris-x86 1.3-4 94.10 OK
r-release-linux-x86_64 1.3-4 4.39 78.43 82.82 OK
r-release-macos-arm64 1.3-4 OK
r-release-macos-x86_64 1.3-4 OK
r-release-windows-ix86+x86_64 1.3-4 8.00 116.00 124.00 OK
r-oldrel-macos-x86_64 1.3-4 OK
r-oldrel-windows-ix86+x86_64 1.3-4 6.00 98.00 104.00 OK

Check Details

Version: 1.3-4
Check: package dependencies
Result: ERROR
    Packages required but not available: 'tm', 'ngramrr'
    
    Package suggested but not available for checking: 'XML'
    
    See section 'The DESCRIPTION file' in the 'Writing R Extensions'
    manual.
Flavor: r-devel-windows-x86_64-gcc10-UCRT