Last updated on 2023-03-24 07:54:53 CET.
Flavor | Version | Tinstall | Tcheck | Ttotal | Status | Flags |
---|---|---|---|---|---|---|
r-devel-linux-x86_64-debian-clang | 1.4.3 | 13.91 | 105.12 | 119.03 | OK | |
r-devel-linux-x86_64-debian-gcc | 1.4.3 | 11.47 | 75.69 | 87.16 | OK | |
r-devel-linux-x86_64-fedora-clang | 1.4.3 | 153.85 | NOTE | |||
r-devel-linux-x86_64-fedora-gcc | 1.4.3 | 144.90 | NOTE | |||
r-devel-windows-x86_64 | 1.4.3 | 70.00 | 148.00 | 218.00 | OK | |
r-patched-linux-x86_64 | 1.4.3 | 20.31 | 97.02 | 117.33 | OK | |
r-release-linux-x86_64 | 1.4.3 | 13.71 | 95.77 | 109.48 | OK | |
r-release-macos-arm64 | 1.4.3 | 44.00 | NOTE | |||
r-release-macos-x86_64 | 1.4.3 | 73.00 | NOTE | |||
r-release-windows-x86_64 | 1.4.3 | 85.00 | 141.00 | 226.00 | OK | |
r-oldrel-macos-arm64 | 1.4.3 | 53.00 | NOTE | |||
r-oldrel-macos-x86_64 | 1.4.3 | 56.00 | NOTE | |||
r-oldrel-windows-ix86+x86_64 | 1.4.3 | 27.00 | 132.00 | 159.00 | OK |
Version: 1.4.3
Check: dependencies in R code
Result: NOTE
Namespaces in Imports field not imported from:
‘RColorBrewer’ ‘grid’ ‘purrr’
All declared Imports should be used.
Flavors: r-devel-linux-x86_64-fedora-clang, r-devel-linux-x86_64-fedora-gcc, r-release-macos-arm64, r-release-macos-x86_64, r-oldrel-macos-arm64, r-oldrel-macos-x86_64
Version: 1.4.3
Check: Rd cross-references
Result: NOTE
Undeclared packages ‘NetworkToolbox’, ‘SemNetCleaner’ in Rd xrefs
Flavor: r-devel-linux-x86_64-fedora-clang