CRAN Package Check Results for Package Select

Last updated on 2022-05-18 21:53:27 CEST.

Flavor Version Tinstall Tcheck Ttotal Status Flags
r-devel-linux-x86_64-debian-clang 1.4 1.79 44.58 46.37 OK
r-devel-linux-x86_64-debian-gcc 1.4 1.76 34.27 36.03 OK
r-devel-linux-x86_64-fedora-clang 1.4 55.30 NOTE
r-devel-linux-x86_64-fedora-gcc 1.4 55.71 NOTE
r-devel-windows-x86_64 1.4 12.00 64.00 76.00 OK
r-patched-linux-x86_64 1.4 1.75 43.05 44.80 OK
r-release-linux-x86_64 1.4 2.47 41.82 44.29 OK
r-release-macos-arm64 1.4 21.00 NOTE
r-release-macos-x86_64 1.4 26.00 NOTE
r-release-windows-x86_64 1.4 10.00 65.00 75.00 OK
r-oldrel-macos-arm64 1.4 30.00 NOTE
r-oldrel-macos-x86_64 1.4 33.00 NOTE
r-oldrel-windows-ix86+x86_64 1.4 7.00 56.00 63.00 OK

Check Details

Version: 1.4
Check: dependencies in R code
Result: NOTE
    Namespace in Imports field not imported from: ‘FD’
     All declared Imports should be used.
Flavors: r-devel-linux-x86_64-fedora-clang, r-devel-linux-x86_64-fedora-gcc, r-release-macos-arm64, r-release-macos-x86_64, r-oldrel-macos-arm64, r-oldrel-macos-x86_64