CRAN Package Check Results for Package Select

Last updated on 2020-11-26 20:51:49 CET.

Flavor Version Tinstall Tcheck Ttotal Status Flags
r-devel-linux-x86_64-debian-clang 1.4 2.73 33.88 36.61 OK
r-devel-linux-x86_64-debian-gcc 1.4 2.57 27.13 29.70 OK
r-devel-linux-x86_64-fedora-clang 1.4 50.69 NOTE
r-devel-linux-x86_64-fedora-gcc 1.4 41.03 NOTE
r-devel-windows-ix86+x86_64 1.4 6.00 50.00 56.00 OK
r-patched-linux-x86_64 1.4 3.28 33.07 36.35 OK
r-patched-solaris-x86 1.4 65.70 NOTE
r-release-linux-x86_64 1.4 3.12 31.82 34.94 OK
r-release-macos-x86_64 1.4 NOTE
r-release-windows-ix86+x86_64 1.4 7.00 61.00 68.00 OK
r-oldrel-macos-x86_64 1.4 NOTE
r-oldrel-windows-ix86+x86_64 1.4 4.00 44.00 48.00 OK

Check Details

Version: 1.4
Check: dependencies in R code
Result: NOTE
    Namespace in Imports field not imported from: ‘FD’
     All declared Imports should be used.
Flavors: r-devel-linux-x86_64-fedora-clang, r-devel-linux-x86_64-fedora-gcc, r-patched-solaris-x86, r-release-macos-x86_64, r-oldrel-macos-x86_64