CRAN Package Check Results for Package SanFranBeachWater

Last updated on 2024-02-26 07:50:13 CET.

Flavor Version Tinstall Tcheck Ttotal Status Flags
r-devel-linux-x86_64-debian-clang 0.1.0 7.94 63.59 71.53 NOTE
r-devel-linux-x86_64-debian-gcc 0.1.0 5.55 45.70 51.25 NOTE
r-devel-linux-x86_64-fedora-clang 0.1.0 90.16 NOTE
r-devel-linux-x86_64-fedora-gcc 0.1.0 85.58 NOTE
r-devel-windows-x86_64 0.1.0 7.00 68.00 75.00 NOTE
r-patched-linux-x86_64 0.1.0 4.19 58.69 62.88 NOTE
r-release-linux-x86_64 0.1.0 4.05 59.51 63.56 NOTE
r-release-macos-arm64 0.1.0 26.00 NOTE
r-release-macos-x86_64 0.1.0 39.00 NOTE
r-release-windows-x86_64 0.1.0 8.00 76.00 84.00 NOTE
r-oldrel-macos-arm64 0.1.0 27.00 NOTE
r-oldrel-windows-x86_64 0.1.0 9.00 78.00 87.00 NOTE

Check Details

Version: 0.1.0
Check: LazyData
Result: NOTE 'LazyData' is specified without a 'data' directory Flavors: r-devel-linux-x86_64-debian-clang, r-devel-linux-x86_64-debian-gcc, r-devel-linux-x86_64-fedora-clang, r-devel-linux-x86_64-fedora-gcc, r-devel-windows-x86_64, r-patched-linux-x86_64, r-release-linux-x86_64, r-release-macos-arm64, r-release-macos-x86_64, r-release-windows-x86_64, r-oldrel-macos-arm64, r-oldrel-windows-x86_64

Version: 0.1.0
Check: dependencies in R code
Result: NOTE Namespace in Imports field not imported from: ‘tibble’ All declared Imports should be used. Flavors: r-devel-linux-x86_64-fedora-clang, r-devel-linux-x86_64-fedora-gcc, r-oldrel-macos-arm64