CRAN Package Check Results for Package SWIM

Last updated on 2024-03-01 07:53:04 CET.

Flavor Version Tinstall Tcheck Ttotal Status Flags
r-devel-linux-x86_64-debian-clang 1.0.0 8.39 145.14 153.53 NOTE
r-devel-linux-x86_64-debian-gcc 1.0.0 9.20 105.11 114.31 NOTE
r-devel-linux-x86_64-fedora-clang 1.0.0 193.20 NOTE
r-devel-linux-x86_64-fedora-gcc 1.0.0 202.37 NOTE
r-devel-windows-x86_64 1.0.0 11.00 143.00 154.00 NOTE
r-patched-linux-x86_64 1.0.0 9.19 139.80 148.99 NOTE
r-release-linux-x86_64 1.0.0 7.35 137.95 145.30 NOTE
r-release-macos-arm64 1.0.0 74.00 NOTE
r-release-macos-x86_64 1.0.0 109.00 NOTE
r-release-windows-x86_64 1.0.0 15.00 166.00 181.00 NOTE
r-oldrel-macos-arm64 1.0.0 74.00 OK
r-oldrel-windows-x86_64 1.0.0 15.00 156.00 171.00 OK

Check Details

Version: 1.0.0
Check: package subdirectories
Result: NOTE Problems with news in ‘NEWS.md’: Cannot extract version info from the following section titles: Additional functions and data sets Amendments to functions Flavors: r-devel-linux-x86_64-debian-clang, r-devel-linux-x86_64-debian-gcc, r-devel-linux-x86_64-fedora-clang, r-devel-linux-x86_64-fedora-gcc, r-devel-windows-x86_64, r-patched-linux-x86_64, r-release-linux-x86_64, r-release-macos-arm64, r-release-macos-x86_64, r-release-windows-x86_64