CRAN Package Check Results for Package STRMPS

Last updated on 2021-11-28 19:49:07 CET.

Flavor Version Tinstall Tcheck Ttotal Status Flags
r-devel-linux-x86_64-debian-clang 0.5.8 NOTE
r-devel-linux-x86_64-debian-gcc 0.5.8 30.29 278.07 308.36 NOTE
r-devel-linux-x86_64-fedora-clang 0.5.8 513.14 NOTE
r-devel-linux-x86_64-fedora-gcc 0.5.8 514.73 NOTE
r-devel-windows-x86_64-new-UL 0.5.8 68.00 418.00 486.00 NOTE
r-devel-windows-x86_64-new-TK 0.5.8 NOTE
r-devel-windows-x86_64-old 0.5.8 47.00 426.00 473.00 NOTE
r-patched-linux-x86_64 0.5.8 40.66 343.77 384.43 NOTE
r-patched-solaris-x86 0.5.8 674.50 NOTE
r-release-linux-x86_64 0.5.8 37.21 344.15 381.36 NOTE
r-release-macos-arm64 0.5.8 NOTE
r-release-macos-x86_64 0.5.8 NOTE
r-release-windows-ix86+x86_64 0.5.8 90.00 284.00 374.00 NOTE
r-oldrel-macos-x86_64 0.5.8 NOTE
r-oldrel-windows-ix86+x86_64 0.5.8 84.00 412.00 496.00 NOTE

Check Details

Version: 0.5.8
Check: package dependencies
Result: NOTE
    Package suggested but not available for checking: 'STRaitRazoR'
Flavors: r-devel-linux-x86_64-debian-clang, r-devel-linux-x86_64-debian-gcc, r-devel-linux-x86_64-fedora-clang, r-devel-linux-x86_64-fedora-gcc, r-devel-windows-x86_64-new-UL, r-devel-windows-x86_64-new-TK, r-devel-windows-x86_64-old, r-patched-linux-x86_64, r-patched-solaris-x86, r-release-linux-x86_64, r-release-macos-arm64, r-release-macos-x86_64, r-release-windows-ix86+x86_64, r-oldrel-macos-x86_64, r-oldrel-windows-ix86+x86_64