CRAN Package Check Results for Package STRMPS

Last updated on 2020-01-25 08:50:16 CET.

Flavor Version Tinstall Tcheck Ttotal Status Flags
r-devel-linux-x86_64-debian-clang 0.5.8 39.26 346.68 385.94 NOTE
r-devel-linux-x86_64-debian-gcc 0.5.8 0.41 1.68 2.09 ERROR
r-devel-linux-x86_64-fedora-clang 0.5.8 481.08 NOTE
r-devel-linux-x86_64-fedora-gcc 0.5.8 476.29 NOTE
r-devel-windows-ix86+x86_64 0.5.8 91.00 427.00 518.00 NOTE
r-devel-windows-ix86+x86_64-gcc8 0.5.8 104.00 291.00 395.00 NOTE
r-patched-linux-x86_64 0.5.8 35.28 293.41 328.69 NOTE
r-patched-solaris-x86 0.5.8 628.80 NOTE
r-release-linux-x86_64 0.5.8 31.79 294.41 326.20 NOTE
r-release-windows-ix86+x86_64 0.5.8 65.00 397.00 462.00 NOTE
r-release-osx-x86_64 0.5.8 ERROR
r-oldrel-windows-ix86+x86_64 0.5.8 39.00 248.00 287.00 NOTE
r-oldrel-osx-x86_64 0.5.8 ERROR

Check Details

Version: 0.5.8
Check: package dependencies
Result: NOTE
    Package suggested but not available for checking: 'STRaitRazoR'
Flavors: r-devel-linux-x86_64-debian-clang, r-devel-linux-x86_64-fedora-clang, r-devel-linux-x86_64-fedora-gcc, r-devel-windows-ix86+x86_64, r-devel-windows-ix86+x86_64-gcc8, r-patched-linux-x86_64, r-patched-solaris-x86, r-release-linux-x86_64, r-release-windows-ix86+x86_64, r-release-osx-x86_64, r-oldrel-windows-ix86+x86_64

Version: 0.5.8
Check: package dependencies
Result: ERROR
    Package required but not available: ‘ShortRead’
    
    Package suggested but not available for checking: ‘STRaitRazoR’
    
    See section ‘The DESCRIPTION file’ in the ‘Writing R Extensions’
    manual.
Flavors: r-devel-linux-x86_64-debian-gcc, r-oldrel-osx-x86_64

Version: 0.5.8
Check: whether package can be installed
Result: ERROR
    Installation failed.
Flavor: r-release-osx-x86_64