CRAN Package Check Results for Package SSRTcalc

Last updated on 2021-11-30 19:51:38 CET.

Flavor Version Tinstall Tcheck Ttotal Status Flags
r-devel-linux-x86_64-debian-clang 0.3.3 2.07 22.27 24.34 OK
r-devel-linux-x86_64-debian-gcc 0.3.3 1.71 17.63 19.34 OK
r-devel-linux-x86_64-fedora-clang 0.3.3 43.41 OK
r-devel-linux-x86_64-fedora-gcc 0.3.3 30.23 OK
r-devel-windows-x86_64-new-UL 0.3.3 7.00 53.00 60.00 OK
r-devel-windows-x86_64-new-TK 0.3.3 OK
r-devel-windows-x86_64-old 0.3.3 4.00 32.00 36.00 OK
r-patched-linux-x86_64 0.3.3 2.28 21.38 23.66 OK
r-patched-solaris-x86 0.3.3 48.10 OK
r-release-linux-x86_64 0.3.3 2.02 21.40 23.42 OK
r-release-macos-arm64 0.3.3 OK
r-release-macos-x86_64 0.3.3 OK
r-release-windows-ix86+x86_64 0.3.3 5.00 44.00 49.00 OK
r-oldrel-macos-x86_64 0.3.3 ERROR
r-oldrel-windows-ix86+x86_64 0.3.3 6.00 42.00 48.00 OK

Check Details

Version: 0.3.3
Check: package dependencies
Result: ERROR
    Package required and available but unsuitable version: ‘stats’
    
    See section ‘The DESCRIPTION file’ in the ‘Writing R Extensions’
    manual.
Flavor: r-oldrel-macos-x86_64