Last updated on 2023-10-03 09:08:31 CEST.
Flavor | Version | Tinstall | Tcheck | Ttotal | Status | Flags |
---|---|---|---|---|---|---|
r-devel-linux-x86_64-debian-clang | 0.2.1 | 37.41 | 29.87 | 67.28 | NOTE | |
r-devel-linux-x86_64-debian-gcc | 0.2.1 | 28.38 | 23.46 | 51.84 | NOTE | |
r-devel-linux-x86_64-fedora-clang | 0.2.1 | 94.72 | NOTE | |||
r-devel-linux-x86_64-fedora-gcc | 0.2.1 | 99.21 | NOTE | |||
r-devel-windows-x86_64 | 0.2.1 | 30.00 | 62.00 | 92.00 | NOTE | |
r-patched-linux-x86_64 | 0.2.1 | 33.47 | 29.10 | 62.57 | NOTE | |
r-release-linux-x86_64 | 0.2.1 | 37.01 | 30.01 | 67.02 | NOTE | |
r-release-macos-arm64 | 0.2.1 | 28.00 | NOTE | |||
r-release-macos-x86_64 | 0.2.1 | 45.00 | NOTE | |||
r-release-windows-x86_64 | 0.2.1 | 40.00 | 68.00 | 108.00 | NOTE | |
r-oldrel-macos-arm64 | 0.2.1 | 34.00 | OK | |||
r-oldrel-macos-x86_64 | 0.2.1 | 36.00 | NOTE | |||
r-oldrel-windows-x86_64 | 0.2.1 | 36.00 | 68.00 | 104.00 | OK |
Version: 0.2.1
Check: C++ specification
Result: NOTE
Specified C++11: please drop specification unless essential
Flavors: r-devel-linux-x86_64-debian-clang, r-devel-linux-x86_64-debian-gcc, r-devel-linux-x86_64-fedora-clang, r-devel-linux-x86_64-fedora-gcc, r-devel-windows-x86_64, r-patched-linux-x86_64, r-release-linux-x86_64, r-release-macos-arm64, r-release-macos-x86_64, r-release-windows-x86_64
Version: 0.2.1
Check: package subdirectories
Result: NOTE
Problems with news in ‘NEWS.md’:
No news entries found.
Flavors: r-devel-linux-x86_64-debian-clang, r-devel-linux-x86_64-debian-gcc, r-devel-linux-x86_64-fedora-clang, r-devel-linux-x86_64-fedora-gcc, r-devel-windows-x86_64, r-patched-linux-x86_64, r-release-linux-x86_64, r-release-macos-arm64, r-release-macos-x86_64, r-release-windows-x86_64
Version: 0.2.1
Check: dependencies in R code
Result: NOTE
Namespace in Imports field not imported from: ‘MASS’
All declared Imports should be used.
Flavors: r-devel-linux-x86_64-fedora-clang, r-devel-linux-x86_64-fedora-gcc, r-oldrel-macos-x86_64