CRAN Package Check Results for Package SSM

Last updated on 2024-02-20 19:51:18 CET.

Flavor Version Tinstall Tcheck Ttotal Status Flags
r-devel-linux-x86_64-debian-clang 1.0.1 NOTE
r-devel-linux-x86_64-debian-gcc 1.0.1 3.54 34.92 38.46 NOTE
r-devel-linux-x86_64-fedora-clang 1.0.1 63.89 NOTE
r-devel-linux-x86_64-fedora-gcc 1.0.1 71.34 NOTE
r-devel-windows-x86_64 1.0.1 4.00 59.00 63.00 NOTE
r-patched-linux-x86_64 1.0.1 4.01 46.31 50.32 NOTE
r-release-linux-x86_64 1.0.1 4.52 44.54 49.06 NOTE
r-release-macos-arm64 1.0.1 29.00 NOTE
r-release-macos-x86_64 1.0.1 44.00 NOTE
r-release-windows-x86_64 1.0.1 4.00 64.00 68.00 NOTE
r-oldrel-macos-arm64 1.0.1 23.00 NOTE
r-oldrel-windows-x86_64 1.0.1 9.00 63.00 72.00 NOTE

Check Details

Version: 1.0.1
Check: Rd files
Result: NOTE checkRd: (-1) new.distance.Rd:30: Lost braces in \itemize; meant \describe ? checkRd: (-1) new.distance.Rd:31-32: Lost braces in \itemize; meant \describe ? checkRd: (-1) new.distance.Rd:33-34: Lost braces in \itemize; meant \describe ? checkRd: (-1) new.distance.Rd:35-36: Lost braces in \itemize; meant \describe ? checkRd: (-1) new.distance.Rd:37-38: Lost braces in \itemize; meant \describe ? checkRd: (-1) new.distance.Rd:39-40: Lost braces in \itemize; meant \describe ? checkRd: (-1) sensitivity.plot.Rd:30-33: Lost braces in \itemize; meant \describe ? checkRd: (-1) sensitivity.plot.Rd:34-35: Lost braces in \itemize; meant \describe ? checkRd: (-1) sensitivity.plot.Rd:36-37: Lost braces in \itemize; meant \describe ? checkRd: (-1) sensitivity.plot.Rd:38-40: Lost braces in \itemize; meant \describe ? Flavors: r-devel-linux-x86_64-debian-clang, r-devel-linux-x86_64-debian-gcc

Version: 1.0.1
Check: LazyData
Result: NOTE 'LazyData' is specified without a 'data' directory Flavors: r-devel-linux-x86_64-debian-clang, r-devel-linux-x86_64-debian-gcc, r-devel-linux-x86_64-fedora-clang, r-devel-linux-x86_64-fedora-gcc, r-devel-windows-x86_64, r-patched-linux-x86_64, r-release-linux-x86_64, r-release-macos-arm64, r-release-macos-x86_64, r-release-windows-x86_64, r-oldrel-macos-arm64, r-oldrel-windows-x86_64