CRAN Package Check Results for Package SPlit

Last updated on 2021-09-22 08:50:32 CEST.

Flavor Version Tinstall Tcheck Ttotal Status Flags
r-devel-linux-x86_64-debian-clang 1.0 42.60 27.07 69.67 NOTE
r-devel-linux-x86_64-debian-gcc 1.0 24.27 21.21 45.48 NOTE
r-devel-linux-x86_64-fedora-clang 1.0 101.84 NOTE
r-devel-linux-x86_64-fedora-gcc 1.0 84.18 NOTE
r-devel-windows-x86_64 1.0 38.00 39.00 77.00 NOTE
r-devel-windows-x86_64-gcc10-UCRT 1.0 ERROR
r-patched-linux-x86_64 1.0 33.98 25.57 59.55 NOTE
r-patched-solaris-x86 1.0 94.50 NOTE
r-release-linux-x86_64 1.0 30.87 27.20 58.07 NOTE
r-release-macos-arm64 1.0 NOTE
r-release-macos-x86_64 1.0 NOTE
r-release-windows-ix86+x86_64 1.0 95.00 72.00 167.00 NOTE
r-oldrel-macos-x86_64 1.0 OK
r-oldrel-windows-ix86+x86_64 1.0 65.00 52.00 117.00 OK

Check Details

Version: 1.0
Check: LazyData
Result: NOTE
     'LazyData' is specified without a 'data' directory
Flavors: r-devel-linux-x86_64-debian-clang, r-devel-linux-x86_64-debian-gcc, r-devel-linux-x86_64-fedora-clang, r-devel-linux-x86_64-fedora-gcc, r-devel-windows-x86_64, r-patched-linux-x86_64, r-patched-solaris-x86, r-release-linux-x86_64, r-release-macos-arm64, r-release-macos-x86_64, r-release-windows-ix86+x86_64

Version: 1.0
Check: whether package can be installed
Result: ERROR
    Installation failed.
Flavor: r-devel-windows-x86_64-gcc10-UCRT