CRAN Package Check Results for Package SPARSEMODr

Last updated on 2022-07-02 21:52:26 CEST.

Flavor Version Tinstall Tcheck Ttotal Status Flags
r-devel-linux-x86_64-debian-clang 1.1.0 25.63 150.96 176.59 OK
r-devel-linux-x86_64-debian-gcc 1.1.0 23.89 113.44 137.33 OK
r-devel-linux-x86_64-fedora-clang 1.1.0 234.24 NOTE
r-devel-linux-x86_64-fedora-gcc 1.1.0 230.93 NOTE
r-devel-windows-x86_64 1.1.0 40.00 253.00 293.00 OK
r-patched-linux-x86_64 1.1.0 26.12 146.24 172.36 OK
r-release-linux-x86_64 1.1.0 22.55 145.59 168.14 OK
r-release-macos-arm64 1.1.0 88.00 NOTE
r-release-macos-x86_64 1.1.0 141.00 NOTE
r-release-windows-x86_64 1.1.0 40.00 257.00 297.00 OK
r-oldrel-macos-arm64 1.1.0 119.00 NOTE
r-oldrel-macos-x86_64 1.1.0 106.00 NOTE
r-oldrel-windows-ix86+x86_64 1.1.0 71.00 304.00 375.00 OK

Check Details

Version: 1.1.0
Check: dependencies in R code
Result: NOTE
    Namespaces in Imports field not imported from:
     ‘future’ ‘geosphere’ ‘lubridate’ ‘tidyverse’ ‘viridis’
     All declared Imports should be used.
Flavors: r-devel-linux-x86_64-fedora-clang, r-devel-linux-x86_64-fedora-gcc, r-release-macos-arm64, r-release-macos-x86_64, r-oldrel-macos-arm64, r-oldrel-macos-x86_64