CRAN Package Check Results for Package SMDIC

Last updated on 2021-11-28 07:50:57 CET.

Flavor Version Tinstall Tcheck Ttotal Status Flags
r-devel-linux-x86_64-debian-clang 0.1.3 OK
r-devel-linux-x86_64-debian-gcc 0.1.3 42.43 333.74 376.17 OK
r-devel-linux-x86_64-fedora-clang 0.1.3 625.17 NOTE
r-devel-linux-x86_64-fedora-gcc 0.1.3 619.42 NOTE
r-devel-windows-x86_64-new-UL 0.1.3 59.00 495.00 554.00 OK
r-devel-windows-x86_64-new-TK 0.1.3 NOTE
r-devel-windows-x86_64-old 0.1.3 67.00 416.00 483.00 OK
r-patched-linux-x86_64 0.1.3 45.05 412.32 457.37 OK
r-patched-solaris-x86 0.1.3 860.40 NOTE
r-release-linux-x86_64 0.1.3 43.47 415.46 458.93 OK
r-release-macos-arm64 0.1.3 NOTE
r-release-macos-x86_64 0.1.3 NOTE
r-release-windows-ix86+x86_64 0.1.3 113.00 477.00 590.00 OK
r-oldrel-macos-x86_64 0.1.3 ERROR
r-oldrel-windows-ix86+x86_64 0.1.3 90.00 393.00 483.00 OK

Check Details

Version: 0.1.3
Check: dependencies in R code
Result: NOTE
    Namespace in Imports field not imported from: ‘quadprog’
     All declared Imports should be used.
Flavors: r-devel-linux-x86_64-fedora-clang, r-devel-linux-x86_64-fedora-gcc, r-devel-windows-x86_64-new-TK, r-patched-solaris-x86, r-release-macos-arm64, r-release-macos-x86_64

Version: 0.1.3
Check: installed package size
Result: NOTE
     installed size is 5.0Mb
     sub-directories of 1Mb or more:
     data 2.1Mb
     extdata 1.6Mb
Flavor: r-patched-solaris-x86

Version: 0.1.3
Check: package dependencies
Result: ERROR
    Package required but not available: ‘maftools’
    
    See section ‘The DESCRIPTION file’ in the ‘Writing R Extensions’
    manual.
Flavor: r-oldrel-macos-x86_64