CRAN Package Check Results for Package SMARTp

Last updated on 2023-12-03 19:48:48 CET.

Flavor Version Tinstall Tcheck Ttotal Status Flags
r-devel-linux-x86_64-debian-clang 0.1.1 2.98 37.43 40.41 NOTE
r-devel-linux-x86_64-debian-gcc 0.1.1 2.66 29.75 32.41 NOTE
r-devel-linux-x86_64-fedora-clang 0.1.1 51.22 NOTE
r-devel-linux-x86_64-fedora-gcc 0.1.1 49.21 NOTE
r-devel-windows-x86_64 0.1.1 4.00 51.00 55.00 NOTE
r-patched-linux-x86_64 0.1.1 3.39 37.16 40.55 NOTE
r-release-linux-x86_64 0.1.1 3.71 37.75 41.46 NOTE
r-release-macos-arm64 0.1.1 22.00 NOTE
r-release-macos-x86_64 0.1.1 50.00 NOTE
r-release-windows-x86_64 0.1.1 5.00 54.00 59.00 NOTE
r-oldrel-macos-arm64 0.1.1 19.00 NOTE
r-oldrel-macos-x86_64 0.1.1 30.00 NOTE
r-oldrel-windows-x86_64 0.1.1 5.00 57.00 62.00 NOTE

Check Details

Version: 0.1.1
Check: LazyData
Result: NOTE 'LazyData' is specified without a 'data' directory Flavors: r-devel-linux-x86_64-debian-clang, r-devel-linux-x86_64-debian-gcc, r-devel-linux-x86_64-fedora-clang, r-devel-linux-x86_64-fedora-gcc, r-devel-windows-x86_64, r-patched-linux-x86_64, r-release-linux-x86_64, r-release-macos-arm64, r-release-macos-x86_64, r-release-windows-x86_64, r-oldrel-macos-arm64, r-oldrel-macos-x86_64, r-oldrel-windows-x86_64

Version: 0.1.1
Check: dependencies in R code
Result: NOTE Namespace in Imports field not imported from: ‘covr’ All declared Imports should be used. Flavors: r-devel-linux-x86_64-fedora-clang, r-devel-linux-x86_64-fedora-gcc, r-oldrel-macos-arm64, r-oldrel-macos-x86_64