Last updated on 2023-06-01 21:53:08 CEST.
Flavor | Version | Tinstall | Tcheck | Ttotal | Status | Flags |
---|---|---|---|---|---|---|
r-devel-linux-x86_64-debian-clang | 0.0.4 | 50.11 | 267.33 | 317.44 | OK | |
r-devel-linux-x86_64-debian-gcc | 0.0.4 | 43.08 | 196.31 | 239.39 | OK | |
r-devel-linux-x86_64-fedora-clang | 0.0.4 | 393.71 | NOTE | |||
r-devel-linux-x86_64-fedora-gcc | 0.0.4 | 401.70 | NOTE | |||
r-devel-windows-x86_64 | 0.0.4 | 48.00 | 204.00 | 252.00 | NOTE | |
r-patched-linux-x86_64 | 0.0.4 | OK | ||||
r-release-linux-x86_64 | 0.0.4 | 38.47 | 257.06 | 295.53 | OK | |
r-release-macos-arm64 | 0.0.4 | 120.00 | NOTE | |||
r-release-macos-x86_64 | 0.0.4 | 196.00 | NOTE | |||
r-release-windows-x86_64 | 0.0.4 | 60.00 | 252.00 | 312.00 | NOTE | |
r-oldrel-macos-arm64 | 0.0.4 | 156.00 | NOTE | |||
r-oldrel-macos-x86_64 | 0.0.4 | 196.00 | NOTE | |||
r-oldrel-windows-x86_64 | 0.0.4 | 59.00 | 244.00 | 303.00 | NOTE |
Version: 0.0.4
Check: installed package size
Result: NOTE
installed size is 5.5Mb
sub-directories of 1Mb or more:
data 5.1Mb
Flavors: r-devel-linux-x86_64-fedora-clang, r-devel-windows-x86_64, r-release-macos-arm64, r-release-macos-x86_64, r-release-windows-x86_64, r-oldrel-macos-arm64, r-oldrel-macos-x86_64, r-oldrel-windows-x86_64
Version: 0.0.4
Check: data for non-ASCII characters
Result: NOTE
Note: found 23 marked UTF-8 strings
Flavors: r-devel-linux-x86_64-fedora-clang, r-devel-linux-x86_64-fedora-gcc, r-oldrel-macos-arm64, r-oldrel-macos-x86_64