CRAN Package Check Results for Package SIRE

Last updated on 2020-01-25 08:50:15 CET.

Flavor Version Tinstall Tcheck Ttotal Status Flags
r-devel-linux-x86_64-debian-clang 1.1.0 2.60 26.72 29.32 OK
r-devel-linux-x86_64-debian-gcc 1.1.0 2.47 20.88 23.35 OK
r-devel-linux-x86_64-fedora-clang 1.1.0 36.02 NOTE
r-devel-linux-x86_64-fedora-gcc 1.1.0 35.10 NOTE
r-devel-windows-ix86+x86_64 1.1.0 17.00 56.00 73.00 OK
r-devel-windows-ix86+x86_64-gcc8 1.1.0 21.00 39.00 60.00 OK
r-patched-linux-x86_64 1.1.0 1.82 24.15 25.97 OK
r-patched-solaris-x86 1.1.0 52.70 NOTE
r-release-linux-x86_64 1.1.0 2.08 24.03 26.11 OK
r-release-windows-ix86+x86_64 1.1.0 7.00 49.00 56.00 OK
r-release-osx-x86_64 1.1.0 NOTE
r-oldrel-windows-ix86+x86_64 1.1.0 4.00 33.00 37.00 OK
r-oldrel-osx-x86_64 1.1.0 NOTE

Check Details

Version: 1.1.0
Check: dependencies in R code
Result: NOTE
    Namespaces in Imports field not imported from:
     ‘dplyr’ ‘magrittr’ ‘psych’ ‘stringr’
     All declared Imports should be used.
Flavors: r-devel-linux-x86_64-fedora-clang, r-devel-linux-x86_64-fedora-gcc, r-patched-solaris-x86, r-release-osx-x86_64, r-oldrel-osx-x86_64