CRAN Package Check Results for Package SIRE

Last updated on 2019-08-23 10:48:24 CEST.

Flavor Version Tinstall Tcheck Ttotal Status Flags
r-devel-linux-x86_64-debian-clang 1.1.0 2.36 24.90 27.26 OK
r-devel-linux-x86_64-debian-gcc 1.1.0 2.21 19.97 22.18 OK
r-devel-linux-x86_64-fedora-clang 1.1.0 34.54 NOTE
r-devel-linux-x86_64-fedora-gcc 1.1.0 32.67 NOTE
r-devel-windows-ix86+x86_64 1.1.0 7.00 52.00 59.00 OK
r-patched-linux-x86_64 1.1.0 1.97 24.37 26.34 OK
r-patched-solaris-x86 1.1.0 53.10 NOTE
r-release-linux-x86_64 1.1.0 2.14 24.50 26.64 OK
r-release-windows-ix86+x86_64 1.1.0 15.00 54.00 69.00 OK
r-release-osx-x86_64 1.1.0 NOTE
r-oldrel-windows-ix86+x86_64 1.1.0 6.00 51.00 57.00 OK
r-oldrel-osx-x86_64 1.1.0 NOTE

Check Details

Version: 1.1.0
Check: dependencies in R code
Result: NOTE
    Namespaces in Imports field not imported from:
     ‘dplyr’ ‘magrittr’ ‘psych’ ‘stringr’
     All declared Imports should be used.
Flavors: r-devel-linux-x86_64-fedora-clang, r-devel-linux-x86_64-fedora-gcc, r-patched-solaris-x86, r-release-osx-x86_64, r-oldrel-osx-x86_64