CRAN Package Check Results for Package SIMplyBee

Last updated on 2024-02-23 19:49:00 CET.

Flavor Version Tinstall Tcheck Ttotal Status Flags
r-devel-linux-x86_64-debian-clang 0.3.0 NOTE
r-devel-linux-x86_64-debian-gcc 0.3.0 9.91 432.62 442.53 NOTE
r-devel-linux-x86_64-fedora-clang 0.3.0 701.94 NOTE
r-devel-linux-x86_64-fedora-gcc 0.3.0 830.29 NOTE
r-devel-windows-x86_64 0.3.0 12.00 392.00 404.00 OK
r-patched-linux-x86_64 0.3.0 21.41 546.44 567.85 OK
r-release-linux-x86_64 0.3.0 14.66 555.60 570.26 OK
r-release-macos-arm64 0.3.0 373.00 OK
r-release-macos-x86_64 0.3.0 606.00 OK
r-release-windows-x86_64 0.3.0 16.00 489.00 505.00 OK
r-oldrel-macos-arm64 0.3.0 326.00 OK
r-oldrel-windows-x86_64 0.3.0 18.00 501.00 519.00 OK

Check Details

Version: 0.3.0
Check: Rd files
Result: NOTE checkRd: (-1) cross.Rd:11: Lost braces 11 | \item{x}{\code{\link{Pop-class}} or code{\link{Colony-class}} or \code{\link{MultiColony-class}}, | ^ Flavors: r-devel-linux-x86_64-debian-clang, r-devel-linux-x86_64-debian-gcc, r-devel-linux-x86_64-fedora-clang, r-devel-linux-x86_64-fedora-gcc