CRAN Package Check Results for Package SID

Last updated on 2020-07-14 09:50:50 CEST.

Flavor Version Tinstall Tcheck Ttotal Status Flags
r-devel-linux-x86_64-debian-clang 1.0 8.13 70.87 79.00 NOTE
r-devel-linux-x86_64-debian-gcc 1.0 6.82 55.00 61.82 NOTE
r-devel-linux-x86_64-fedora-clang 1.0 109.37 NOTE
r-devel-linux-x86_64-fedora-gcc 1.0 99.54 NOTE
r-devel-windows-ix86+x86_64 1.0 23.00 105.00 128.00 NOTE
r-patched-linux-x86_64 1.0 8.14 69.32 77.46 NOTE
r-patched-solaris-x86 1.0 144.60 NOTE
r-release-linux-x86_64 1.0 8.54 68.59 77.13 NOTE
r-release-macos-x86_64 1.0 ERROR
r-release-windows-ix86+x86_64 1.0 23.00 76.00 99.00 NOTE
r-oldrel-macos-x86_64 1.0 NOTE
r-oldrel-windows-ix86+x86_64 1.0 19.00 95.00 114.00 NOTE

Check Details

Version: 1.0
Check: R code for possible problems
Result: NOTE
    dSepAdji: no visible global function definition for 'as'
    dag2cpdagAdj: no visible global function definition for 'as'
    randomDAG: no visible global function definition for 'rbinom'
    structIntervDist: no visible global function definition for 'as'
    Undefined global functions or variables:
     as rbinom
    Consider adding
     importFrom("methods", "as")
     importFrom("stats", "rbinom")
    to your NAMESPACE file (and ensure that your DESCRIPTION Imports field
    contains 'methods').
Flavors: r-devel-linux-x86_64-debian-clang, r-devel-linux-x86_64-debian-gcc, r-devel-linux-x86_64-fedora-clang, r-devel-linux-x86_64-fedora-gcc, r-devel-windows-ix86+x86_64, r-patched-linux-x86_64, r-patched-solaris-x86, r-release-linux-x86_64, r-release-windows-ix86+x86_64, r-oldrel-macos-x86_64, r-oldrel-windows-ix86+x86_64

Version: 1.0
Check: whether package can be installed
Result: ERROR
    Installation failed.
Flavor: r-release-macos-x86_64