CRAN Package Check Results for Package SIBER

Last updated on 2021-09-23 08:51:21 CEST.

Flavor Version Tinstall Tcheck Ttotal Status Flags
r-devel-linux-x86_64-debian-clang 2.1.6 11.29 372.58 383.87 OK
r-devel-linux-x86_64-debian-gcc 2.1.6 9.90 236.16 246.06 OK
r-devel-linux-x86_64-fedora-clang 2.1.6 416.97 OK
r-devel-linux-x86_64-fedora-gcc 2.1.6 405.77 OK
r-devel-windows-x86_64 2.1.6 14.00 290.00 304.00 OK
r-devel-windows-x86_64-gcc10-UCRT 2.1.6 ERROR
r-patched-linux-x86_64 2.1.6 12.34 372.81 385.15 OK
r-patched-solaris-x86 2.1.6 606.50 OK
r-release-linux-x86_64 2.1.6 11.21 371.91 383.12 OK
r-release-macos-arm64 2.1.6 OK
r-release-macos-x86_64 2.1.6 OK
r-release-windows-ix86+x86_64 2.1.6 29.00 457.00 486.00 OK
r-oldrel-macos-x86_64 2.1.6 OK
r-oldrel-windows-ix86+x86_64 2.1.6 20.00 329.00 349.00 OK

Check Details

Version: 2.1.6
Check: package dependencies
Result: NOTE
    Package suggested but not available for checking: 'tidyverse'
Flavor: r-devel-windows-x86_64-gcc10-UCRT

Version: 2.1.6
Check: re-building of vignette outputs
Result: WARN
    Error(s) in re-building vignettes:
    --- re-building 'Centroid-Vectors.Rmd' using rmarkdown
    --- finished re-building 'Centroid-Vectors.Rmd'
    
    --- re-building 'Customising-Plots-Manually.Rmd' using rmarkdown
    --- finished re-building 'Customising-Plots-Manually.Rmd'
    
    --- re-building 'Ellipse-Overlap.Rmd' using rmarkdown
    --- finished re-building 'Ellipse-Overlap.Rmd'
    
    --- re-building 'Introduction-to-SIBER.Rmd' using rmarkdown
    --- finished re-building 'Introduction-to-SIBER.Rmd'
    
    --- re-building 'Plot-SIA-ggplot2.Rmd' using rmarkdown
    Quitting from lines 20-39 (Plot-SIA-ggplot2.Rmd)
    Error: processing vignette 'Plot-SIA-ggplot2.Rmd' failed with diagnostics:
    there is no package called 'tidyverse'
    --- failed re-building 'Plot-SIA-ggplot2.Rmd'
    
    --- re-building 'Plot-posterior-ellipses.Rmd' using rmarkdown
    Quitting from lines 17-23 (Plot-posterior-ellipses.Rmd)
    Error: processing vignette 'Plot-posterior-ellipses.Rmd' failed with diagnostics:
    there is no package called 'tidyverse'
    --- failed re-building 'Plot-posterior-ellipses.Rmd'
    
    --- re-building 'Points-Inside-Outside-Ellipse.Rmd' using rmarkdown
    Quitting from lines 24-40 (Points-Inside-Outside-Ellipse.Rmd)
    Error: processing vignette 'Points-Inside-Outside-Ellipse.Rmd' failed with diagnostics:
    there is no package called 'tidyverse'
    --- failed re-building 'Points-Inside-Outside-Ellipse.Rmd'
    
    --- re-building 'Test-convergence.Rmd' using rmarkdown
    --- finished re-building 'Test-convergence.Rmd'
    
    --- re-building 'siber-comparing-communities.Rmd' using rmarkdown
    --- finished re-building 'siber-comparing-communities.Rmd'
    
    --- re-building 'siber-comparing-populations.Rmd' using rmarkdown
    --- finished re-building 'siber-comparing-populations.Rmd'
    
    SUMMARY: processing the following files failed:
     'Plot-SIA-ggplot2.Rmd' 'Plot-posterior-ellipses.Rmd'
     'Points-Inside-Outside-Ellipse.Rmd'
    
    Error: Vignette re-building failed.
    Execution halted
Flavor: r-devel-windows-x86_64-gcc10-UCRT

Version: 2.1.6
Check: PDF version of manual
Result: WARN
    LaTeX errors when creating PDF version.
    This typically indicates Rd problems.
Flavor: r-devel-windows-x86_64-gcc10-UCRT

Version: 2.1.6
Check: PDF version of manual without hyperrefs or index
Result: ERROR
    Re-running with no redirection of stdout/stderr.
Flavor: r-devel-windows-x86_64-gcc10-UCRT