Last updated on 2023-06-01 21:53:08 CEST.
Flavor | Version | Tinstall | Tcheck | Ttotal | Status | Flags |
---|---|---|---|---|---|---|
r-devel-linux-x86_64-debian-clang | 0.1.8 | 158.03 | 114.93 | 272.96 | NOTE | |
r-devel-linux-x86_64-debian-gcc | 0.1.8 | 120.59 | 89.24 | 209.83 | NOTE | |
r-devel-linux-x86_64-fedora-clang | 0.1.8 | 405.54 | NOTE | |||
r-devel-linux-x86_64-fedora-gcc | 0.1.8 | 412.61 | NOTE | |||
r-devel-windows-x86_64 | 0.1.8 | 118.00 | 132.00 | 250.00 | NOTE | |
r-patched-linux-x86_64 | 0.1.8 | NOTE | ||||
r-release-linux-x86_64 | 0.1.8 | 134.29 | 113.71 | 248.00 | NOTE | |
r-release-macos-arm64 | 0.1.8 | 94.00 | NOTE | |||
r-release-macos-x86_64 | 0.1.8 | 150.00 | NOTE | |||
r-release-windows-x86_64 | 0.1.8 | 153.00 | 162.00 | 315.00 | NOTE | |
r-oldrel-macos-arm64 | 0.1.8 | 85.00 | ERROR | |||
r-oldrel-macos-x86_64 | 0.1.8 | 115.00 | ERROR | |||
r-oldrel-windows-x86_64 | 0.1.8 | 151.00 | 142.00 | 293.00 | OK |
Version: 0.1.8
Check: C++ specification
Result: NOTE
Specified C++11: please drop specification unless essential
Flavors: r-devel-linux-x86_64-debian-clang, r-devel-linux-x86_64-debian-gcc, r-devel-linux-x86_64-fedora-clang, r-devel-linux-x86_64-fedora-gcc, r-devel-windows-x86_64, r-patched-linux-x86_64, r-release-linux-x86_64, r-release-macos-arm64, r-release-macos-x86_64, r-release-windows-x86_64
Version: 0.1.8
Check: PDF version of manual
Result: WARN
LaTeX errors when creating PDF version.
This typically indicates Rd problems.
LaTeX errors found:
! Undefined control sequence.
<argument> X \in \mathbb
{R}{n\times p}
l.3264 ...data \eqn{X \in \mathbb{R}{n\times p}}{}
such that its rows are
! Undefined control sequence.
<argument> ...Delta _{p-1} =\lbrace z \in \mathbb
{R}^p~|~z_j > 0, \sum _{i=...
l.3267 }{}
test whether the data is uniformly distributed.
Flavors: r-oldrel-macos-arm64, r-oldrel-macos-x86_64
Version: 0.1.8
Check: PDF version of manual without index
Result: ERROR
Flavors: r-oldrel-macos-arm64, r-oldrel-macos-x86_64