CRAN Package Check Results for Package SDGdetector

Last updated on 2024-02-24 19:50:52 CET.

Flavor Version Tinstall Tcheck Ttotal Status Flags
r-devel-linux-x86_64-debian-clang 2.7.3 35.37 338.06 373.43 OK
r-devel-linux-x86_64-debian-gcc 2.7.3 26.42 247.25 273.67 OK
r-devel-linux-x86_64-fedora-clang 2.7.3 444.28 NOTE
r-devel-linux-x86_64-fedora-gcc 2.7.3 452.82 NOTE
r-devel-windows-x86_64 2.7.3 26.00 206.00 232.00 OK
r-patched-linux-x86_64 2.7.3 22.27 326.34 348.61 OK
r-release-linux-x86_64 2.7.3 19.79 317.66 337.45 OK
r-release-macos-arm64 2.7.3 58.00 OK
r-release-macos-x86_64 2.7.3 100.00 OK
r-release-windows-x86_64 2.7.3 37.00 306.00 343.00 OK
r-oldrel-macos-arm64 2.7.3 55.00 OK
r-oldrel-windows-x86_64 2.7.3 36.00 292.00 328.00 OK

Check Details

Version: 2.7.3
Check: data for non-ASCII characters
Result: NOTE Note: found 5 marked Latin-1 strings Note: found 51869 marked UTF-8 strings Flavors: r-devel-linux-x86_64-fedora-clang, r-devel-linux-x86_64-fedora-gcc