CRAN Package Check Results for Package SDDE

Last updated on 2020-07-14 09:50:49 CEST.

Flavor Version Tinstall Tcheck Ttotal Status Flags
r-devel-linux-x86_64-debian-clang 1.0.1 6.50 40.38 46.88 NOTE
r-devel-linux-x86_64-debian-gcc 1.0.1 4.67 31.90 36.57 NOTE
r-devel-linux-x86_64-fedora-clang 1.0.1 66.23 NOTE
r-devel-linux-x86_64-fedora-gcc 1.0.1 56.73 NOTE
r-devel-windows-ix86+x86_64 1.0.1 18.00 109.00 127.00 OK
r-patched-linux-x86_64 1.0.1 5.71 40.71 46.42 NOTE
r-patched-solaris-x86 1.0.1 86.90 NOTE
r-release-linux-x86_64 1.0.1 5.81 40.80 46.61 NOTE
r-release-macos-x86_64 1.0.1 ERROR
r-release-windows-ix86+x86_64 1.0.1 16.00 71.00 87.00 OK
r-oldrel-macos-x86_64 1.0.1 OK
r-oldrel-windows-ix86+x86_64 1.0.1 13.00 94.00 107.00 OK

Check Details

Version: 1.0.1
Check: for non-standard things in the check directory
Result: NOTE
    Found the following files/directories:
     'result.txt'
Flavors: r-devel-linux-x86_64-debian-clang, r-devel-linux-x86_64-debian-gcc, r-devel-linux-x86_64-fedora-clang, r-devel-linux-x86_64-fedora-gcc, r-patched-linux-x86_64, r-patched-solaris-x86, r-release-linux-x86_64

Version: 1.0.1
Check: compiled code
Result: NOTE
    File ‘SDDE/libs/SDDE.so’:
     Found no calls to: ‘R_registerRoutines’, ‘R_useDynamicSymbols’
    
    It is good practice to register native routines and to disable symbol
    search.
    
    See ‘Writing portable packages’ in the ‘Writing R Extensions’ manual.
Flavors: r-devel-linux-x86_64-fedora-clang, r-devel-linux-x86_64-fedora-gcc

Version: 1.0.1
Check: whether package can be installed
Result: ERROR
    Installation failed.
Flavor: r-release-macos-x86_64