CRAN Package Check Results for Package SDCNway

Last updated on 2024-02-23 07:52:20 CET.

Flavor Version Tinstall Tcheck Ttotal Status Flags
r-devel-linux-x86_64-debian-clang 1.0.1 NOTE
r-devel-linux-x86_64-debian-gcc 1.0.1 2.33 32.24 34.57 NOTE
r-devel-linux-x86_64-fedora-clang 1.0.1 59.44 NOTE
r-devel-linux-x86_64-fedora-gcc 1.0.1 70.92 NOTE
r-devel-windows-x86_64 1.0.1 4.00 52.00 56.00 OK
r-patched-linux-x86_64 1.0.1 3.39 41.92 45.31 OK
r-release-linux-x86_64 1.0.1 2.64 42.13 44.77 OK
r-release-macos-arm64 1.0.1 27.00 OK
r-release-macos-x86_64 1.0.1 44.00 OK
r-release-windows-x86_64 1.0.1 5.00 56.00 61.00 OK
r-oldrel-macos-arm64 1.0.1 22.00 OK
r-oldrel-windows-x86_64 1.0.1 6.00 62.00 68.00 OK

Check Details

Version: 1.0.1
Check: Rd files
Result: NOTE checkRd: (-1) sdc_extabs.Rd:59: Lost braces 59 | (including ]code{forcelist} variables) that can be used to form tables.} | ^ Flavors: r-devel-linux-x86_64-debian-clang, r-devel-linux-x86_64-debian-gcc, r-devel-linux-x86_64-fedora-clang, r-devel-linux-x86_64-fedora-gcc