CRAN Package Check Results for Package SCpubr

Last updated on 2024-03-01 19:49:11 CET.

Flavor Version Tinstall Tcheck Ttotal Status Flags
r-devel-linux-x86_64-debian-clang 2.0.2 15.77 207.07 222.84 NOTE
r-devel-linux-x86_64-debian-gcc 2.0.2 10.73 231.45 242.18 OK
r-devel-linux-x86_64-fedora-clang 2.0.2 396.82 NOTE
r-devel-linux-x86_64-fedora-gcc 2.0.2 404.88 NOTE
r-devel-windows-x86_64 2.0.2 13.00 231.00 244.00 OK
r-patched-linux-x86_64 2.0.2 18.46 297.69 316.15 OK
r-release-linux-x86_64 2.0.2 14.88 298.23 313.11 OK
r-release-macos-arm64 2.0.2 136.00 NOTE
r-release-macos-x86_64 2.0.2 355.00 NOTE
r-release-windows-x86_64 2.0.2 18.00 323.00 341.00 OK
r-oldrel-macos-arm64 2.0.2 122.00 NOTE
r-oldrel-windows-x86_64 2.0.2 21.00 289.00 310.00 OK

Additional issues

M1mac

Check Details

Version: 2.0.2
Check: package dependencies
Result: NOTE Packages suggested but not available for checking: 'clusterProfiler', 'enrichplot' Flavor: r-devel-linux-x86_64-debian-clang

Version: 2.0.2
Check: package dependencies
Result: NOTE Package suggested but not available for checking: ‘decoupleR’ Flavors: r-devel-linux-x86_64-fedora-clang, r-devel-linux-x86_64-fedora-gcc

Version: 2.0.2
Check: package dependencies
Result: NOTE Packages suggested but not available for checking: 'AUCell', 'decoupleR', 'infercnv', 'Nebulosa' Flavors: r-release-macos-arm64, r-release-macos-x86_64, r-oldrel-macos-arm64

Version: 2.0.2
Check: Rd cross-references
Result: NOTE Package unavailable to check Rd xrefs: ‘infercnv’ Flavors: r-release-macos-arm64, r-release-macos-x86_64, r-oldrel-macos-arm64