Last updated on 2023-06-01 21:53:07 CEST.
Flavor | Version | Tinstall | Tcheck | Ttotal | Status | Flags |
---|---|---|---|---|---|---|
r-devel-linux-x86_64-debian-clang | 1.0.0 | 55.70 | 534.48 | 590.18 | OK | |
r-devel-linux-x86_64-debian-gcc | 1.0.0 | 46.10 | 403.85 | 449.95 | OK | |
r-devel-linux-x86_64-fedora-clang | 1.0.0 | 734.69 | NOTE | |||
r-devel-linux-x86_64-fedora-gcc | 1.0.0 | 748.25 | NOTE | |||
r-devel-windows-x86_64 | 1.0.0 | 45.00 | 366.00 | 411.00 | OK | |
r-patched-linux-x86_64 | 1.0.0 | OK | ||||
r-release-linux-x86_64 | 1.0.0 | 34.11 | 502.74 | 536.85 | OK | |
r-release-macos-arm64 | 1.0.0 | 205.00 | OK | |||
r-release-macos-x86_64 | 1.0.0 | 368.00 | OK | |||
r-release-windows-x86_64 | 1.0.0 | 60.00 | 476.00 | 536.00 | OK | |
r-oldrel-macos-arm64 | 1.0.0 | 180.00 | NOTE | |||
r-oldrel-macos-x86_64 | 1.0.0 | 288.00 | NOTE | |||
r-oldrel-windows-x86_64 | 1.0.0 | 58.00 | 455.00 | 513.00 | OK |
Version: 1.0.0
Check: dependencies in R code
Result: NOTE
Namespaces in Imports field not imported from:
‘BiocManager’ ‘crayon’ ‘knitr’ ‘methods’
All declared Imports should be used.
Flavors: r-devel-linux-x86_64-fedora-clang, r-devel-linux-x86_64-fedora-gcc, r-oldrel-macos-arm64, r-oldrel-macos-x86_64