CRAN Package Check Results for Package SCORPIUS

Last updated on 2020-01-23 09:52:21 CET.

Flavor Version Tinstall Tcheck Ttotal Status Flags
r-devel-linux-x86_64-debian-clang 1.0.5 13.21 271.08 284.29 OK
r-devel-linux-x86_64-debian-gcc 1.0.5 11.22 209.25 220.47 OK
r-devel-linux-x86_64-fedora-clang 1.0.5 335.96 OK
r-devel-linux-x86_64-fedora-gcc 1.0.5 336.38 OK
r-devel-windows-ix86+x86_64 1.0.5 59.00 334.00 393.00 OK
r-devel-windows-ix86+x86_64-gcc8 1.0.5 59.00 331.00 390.00 OK
r-patched-linux-x86_64 1.0.5 12.15 264.39 276.54 OK
r-patched-solaris-x86 1.0.5 714.20 OK
r-release-linux-x86_64 1.0.5 12.17 263.90 276.07 OK
r-release-windows-ix86+x86_64 1.0.5 28.00 231.00 259.00 OK
r-release-osx-x86_64 1.0.5 ERROR
r-oldrel-windows-ix86+x86_64 1.0.5 17.00 234.00 251.00 OK
r-oldrel-osx-x86_64 1.0.5 OK

Check Details

Version: 1.0.5
Check: package dependencies
Result: ERROR
    Package required but not available: ‘dynwrap’
    
    See section ‘The DESCRIPTION file’ in the ‘Writing R Extensions’
    manual.
Flavor: r-release-osx-x86_64