CRAN Package Check Results for Package SCORPIUS

Last updated on 2019-08-25 10:46:30 CEST.

Flavor Version Tinstall Tcheck Ttotal Status Flags
r-devel-linux-x86_64-debian-clang 1.0.4.1 9.26 247.59 256.85 OK
r-devel-linux-x86_64-debian-gcc 1.0.4.1 9.37 185.26 194.63 OK
r-devel-linux-x86_64-fedora-clang 1.0.4.1 300.67 OK
r-devel-linux-x86_64-fedora-gcc 1.0.4.1 302.70 OK
r-devel-windows-ix86+x86_64 1.0.4.1 19.00 184.00 203.00 OK
r-patched-linux-x86_64 1.0.4.1 10.91 246.64 257.55 OK
r-patched-solaris-x86 1.0.4.1 682.70 OK
r-release-linux-x86_64 1.0.4.1 10.30 247.91 258.21 OK
r-release-windows-ix86+x86_64 1.0.4.1 31.00 270.00 301.00 OK
r-release-osx-x86_64 1.0.4.1 ERROR
r-oldrel-windows-ix86+x86_64 1.0.4.1 23.00 266.00 289.00 OK
r-oldrel-osx-x86_64 1.0.4.1 OK

Check Details

Version: 1.0.4.1
Check: package dependencies
Result: ERROR
    Package required but not available: ‘dyndimred’
    
    See section ‘The DESCRIPTION file’ in the ‘Writing R Extensions’
    manual.
Flavor: r-release-osx-x86_64