Last updated on 2022-05-16 21:50:31 CEST.
Flavor | Version | Tinstall | Tcheck | Ttotal | Status | Flags |
---|---|---|---|---|---|---|
r-devel-linux-x86_64-debian-clang | 1.3.1 | 201.66 | 224.82 | 426.48 | OK | |
r-devel-linux-x86_64-debian-gcc | 1.3.1 | 187.12 | 163.70 | 350.82 | OK | |
r-devel-linux-x86_64-fedora-clang | 1.3.1 | 558.79 | NOTE | |||
r-devel-linux-x86_64-fedora-gcc | 1.3.1 | 560.63 | OK | |||
r-devel-windows-x86_64 | 1.3.1 | 148.00 | 250.00 | 398.00 | NOTE | |
r-patched-linux-x86_64 | 1.3.1 | 176.13 | 209.74 | 385.87 | OK | |
r-release-linux-x86_64 | 1.3.1 | 164.47 | 213.96 | 378.43 | OK | |
r-release-macos-arm64 | 1.3.1 | 106.00 | NOTE | |||
r-release-macos-x86_64 | 1.3.1 | 157.00 | NOTE | |||
r-release-windows-x86_64 | 1.3.1 | 167.00 | 249.00 | 416.00 | NOTE | |
r-oldrel-macos-arm64 | 1.3.1 | 107.00 | NOTE | |||
r-oldrel-macos-x86_64 | 1.3.1 | 158.00 | NOTE | |||
r-oldrel-windows-ix86+x86_64 | 1.3.1 | 308.00 | 330.00 | 638.00 | NOTE |
Version: 1.3.1
Check: installed package size
Result: NOTE
installed size is 22.1Mb
sub-directories of 1Mb or more:
R 1.2Mb
libs 20.4Mb
Flavors: r-devel-linux-x86_64-fedora-clang, r-devel-windows-x86_64, r-release-macos-arm64, r-release-macos-x86_64, r-release-windows-x86_64, r-oldrel-macos-arm64, r-oldrel-macos-x86_64, r-oldrel-windows-ix86+x86_64