CRAN Package Check Results for Package SAMtool

Last updated on 2022-09-25 20:52:00 CEST.

Flavor Version Tinstall Tcheck Ttotal Status Flags
r-devel-linux-x86_64-debian-clang 1.4.0 232.15 227.44 459.59 OK
r-devel-linux-x86_64-debian-gcc 1.4.0 210.93 166.89 377.82 OK
r-devel-linux-x86_64-fedora-clang 1.4.0 564.58 NOTE
r-devel-linux-x86_64-fedora-gcc 1.4.0 619.97 OK
r-devel-windows-x86_64 1.4.0 196.00 306.00 502.00 OK
r-patched-linux-x86_64 1.4.0 204.65 211.55 416.20 OK
r-release-linux-x86_64 1.4.0 181.08 209.95 391.03 OK
r-release-macos-arm64 1.4.0 153.00 NOTE
r-release-macos-x86_64 1.4.0 181.00 NOTE
r-release-windows-x86_64 1.4.0 188.00 276.00 464.00 OK
r-oldrel-macos-arm64 1.4.0 154.00 NOTE
r-oldrel-macos-x86_64 1.4.0 180.00 NOTE
r-oldrel-windows-ix86+x86_64 1.4.0 426.00 328.00 754.00 NOTE

Check Details

Version: 1.4.0
Check: installed package size
Result: NOTE
     installed size is 6.1Mb
     sub-directories of 1Mb or more:
     R 1.3Mb
     libs 4.3Mb
Flavors: r-devel-linux-x86_64-fedora-clang, r-release-macos-arm64, r-release-macos-x86_64, r-oldrel-macos-arm64, r-oldrel-macos-x86_64, r-oldrel-windows-ix86+x86_64