CRAN Package Check Results for Package SAMprior

Last updated on 2024-04-15 21:54:48 CEST.

Flavor Version Tinstall Tcheck Ttotal Status Flags
r-devel-linux-x86_64-debian-clang 1.1.1 29.85 553.21 583.06 OK
r-devel-linux-x86_64-debian-gcc 1.1.1 24.85 385.02 409.87 OK
r-devel-linux-x86_64-fedora-clang 1.1.1 696.40 OK
r-devel-linux-x86_64-fedora-gcc 1.1.1 678.94 OK
r-prerel-macos-arm64 1.1.1 151.00 OK
r-prerel-windows-x86_64 1.1.1 16.00 337.00 353.00 OK
r-patched-linux-x86_64 1.1.1 25.19 540.13 565.32 OK
r-release-linux-x86_64 1.1.1 0.36 1.86 2.22 ERROR
r-release-macos-arm64 1.1.1 176.00 OK
r-release-macos-x86_64 1.1.1 381.00 OK
r-release-windows-x86_64 1.1.1 22.00 469.00 491.00 OK
r-oldrel-macos-arm64 1.1.1 148.00 OK
r-oldrel-windows-x86_64 1.1.1 22.00 459.00 481.00 OK

Check Details

Version: 1.1.1
Check: package dependencies
Result: ERROR Package required but not available: ‘RBesT’ See section ‘The DESCRIPTION file’ in the ‘Writing R Extensions’ manual. Flavor: r-release-linux-x86_64