CRAN Package Check Results for Package SAMTx

Last updated on 2021-09-20 08:50:42 CEST.

Flavor Version Tinstall Tcheck Ttotal Status Flags
r-devel-linux-x86_64-debian-clang 0.3.0 1.98 22.40 24.38 OK
r-devel-linux-x86_64-debian-gcc 0.3.0 1.53 17.82 19.35 OK
r-devel-linux-x86_64-fedora-clang 0.3.0 39.27 OK
r-devel-linux-x86_64-fedora-gcc 0.3.0 28.55 OK
r-devel-windows-x86_64 0.3.0 3.00 29.00 32.00 OK
r-devel-windows-x86_64-gcc10-UCRT 0.3.0 ERROR
r-patched-linux-x86_64 0.3.0 1.57 21.96 23.53 OK
r-patched-solaris-x86 0.3.0 44.60 OK
r-release-linux-x86_64 0.3.0 2.03 22.00 24.03 OK
r-release-macos-arm64 0.3.0 OK
r-release-macos-x86_64 0.3.0 OK
r-release-windows-ix86+x86_64 0.3.0 4.00 47.00 51.00 OK
r-oldrel-macos-x86_64 0.3.0 OK
r-oldrel-windows-ix86+x86_64 0.3.0 4.00 29.00 33.00 OK

Check Details

Version: 0.3.0
Check: whether package can be installed
Result: WARN
    Found the following significant warnings:
     WARNING: installation-time patches will not be applied, could not get the patches index
Flavor: r-devel-windows-x86_64-gcc10-UCRT

Version: 0.3.0
Check: PDF version of manual
Result: WARN
    LaTeX errors when creating PDF version.
    This typically indicates Rd problems.
Flavor: r-devel-windows-x86_64-gcc10-UCRT

Version: 0.3.0
Check: PDF version of manual without hyperrefs or index
Result: ERROR
    Re-running with no redirection of stdout/stderr.
Flavor: r-devel-windows-x86_64-gcc10-UCRT