CRAN Package Check Results for Package Ryacas0

Last updated on 2024-02-23 19:48:58 CET.

Flavor Version Tinstall Tcheck Ttotal Status Flags
r-devel-linux-x86_64-debian-clang 0.4.4 NOTE
r-devel-linux-x86_64-debian-gcc 0.4.4 77.49 85.52 163.01 NOTE
r-devel-linux-x86_64-fedora-clang 0.4.4 331.90 NOTE
r-devel-linux-x86_64-fedora-gcc 0.4.4 313.82 NOTE
r-devel-windows-x86_64 0.4.4 88.00 134.00 222.00 NOTE
r-patched-linux-x86_64 0.4.4 95.48 112.09 207.57 NOTE
r-release-linux-x86_64 0.4.4 103.14 109.74 212.88 NOTE
r-release-macos-arm64 0.4.4 105.00 NOTE
r-release-macos-x86_64 0.4.4 162.00 NOTE
r-release-windows-x86_64 0.4.4 108.00 162.00 270.00 NOTE
r-oldrel-macos-arm64 0.4.4 98.00 NOTE
r-oldrel-windows-x86_64 0.4.4 106.00 154.00 260.00 OK

Check Details

Version: 0.4.4
Check: C++ specification
Result: NOTE Specified C++11: please drop specification unless essential Flavors: r-devel-linux-x86_64-debian-clang, r-devel-linux-x86_64-debian-gcc, r-devel-linux-x86_64-fedora-clang, r-devel-linux-x86_64-fedora-gcc, r-devel-windows-x86_64, r-patched-linux-x86_64, r-release-linux-x86_64, r-release-macos-arm64, r-release-macos-x86_64, r-release-windows-x86_64

Version: 0.4.4
Check: installed package size
Result: NOTE installed size is 10.1Mb sub-directories of 1Mb or more: libs 8.4Mb yacas 1.3Mb Flavors: r-release-macos-arm64, r-release-macos-x86_64, r-oldrel-macos-arm64