CRAN Package Check Results for Package Rsconctdply

Last updated on 2020-09-24 20:46:59 CEST.

Flavor Version Tinstall Tcheck Ttotal Status Flags
r-devel-linux-x86_64-debian-clang 0.1.3 1.84 17.79 19.63 OK
r-devel-linux-x86_64-debian-gcc 0.1.3 1.42 14.21 15.63 OK
r-devel-linux-x86_64-fedora-clang 0.1.3 33.56 NOTE
r-devel-linux-x86_64-fedora-gcc 0.1.3 23.61 NOTE
r-devel-windows-ix86+x86_64 0.1.3 5.00 35.00 40.00 OK
r-patched-linux-x86_64 0.1.3 1.84 17.45 19.29 OK
r-patched-solaris-x86 0.1.3 36.00 NOTE
r-release-linux-x86_64 0.1.3 1.86 17.39 19.25 OK
r-release-macos-x86_64 0.1.3 NOTE
r-release-windows-ix86+x86_64 0.1.3 16.00 34.00 50.00 OK
r-oldrel-macos-x86_64 0.1.3 NOTE
r-oldrel-windows-ix86+x86_64 0.1.3 3.00 28.00 31.00 OK

Check Details

Version: 0.1.3
Check: dependencies in R code
Result: NOTE
    Namespace in Imports field not imported from: ‘dplyr’
     All declared Imports should be used.
Flavors: r-devel-linux-x86_64-fedora-clang, r-devel-linux-x86_64-fedora-gcc, r-patched-solaris-x86, r-release-macos-x86_64, r-oldrel-macos-x86_64