CRAN Package Check Results for Package Rphylopars

Last updated on 2024-02-21 19:53:26 CET.

Flavor Version Tinstall Tcheck Ttotal Status Flags
r-devel-linux-x86_64-debian-clang 0.3.10 OK
r-devel-linux-x86_64-debian-gcc 0.3.10 59.73 109.52 169.25 OK
r-devel-linux-x86_64-fedora-clang 0.3.10 290.76 OK
r-devel-linux-x86_64-fedora-gcc 0.3.10 281.69 OK
r-devel-windows-x86_64 0.3.10 57.00 136.00 193.00 OK
r-patched-linux-x86_64 0.3.10 76.34 145.47 221.81 OK
r-release-linux-x86_64 0.3.10 62.26 139.27 201.53 OK
r-release-macos-arm64 0.3.10 82.00 NOTE
r-release-macos-x86_64 0.3.10 186.00 NOTE
r-release-windows-x86_64 0.3.10 76.00 170.00 246.00 OK
r-oldrel-macos-arm64 0.3.10 74.00 NOTE
r-oldrel-windows-x86_64 0.3.10 68.00 173.00 241.00 OK

Check Details

Version: 0.3.10
Check: installed package size
Result: NOTE installed size is 5.6Mb sub-directories of 1Mb or more: libs 5.3Mb Flavors: r-release-macos-arm64, r-release-macos-x86_64, r-oldrel-macos-arm64