CRAN Package Check Results for Package RoughSetKnowledgeReduction

Last updated on 2021-11-26 19:53:03 CET.

Flavor Version Tinstall Tcheck Ttotal Status Flags
r-devel-linux-x86_64-debian-clang 0.1 3.97 35.68 39.65 NOTE
r-devel-linux-x86_64-debian-gcc 0.1 3.51 28.51 32.02 NOTE
r-devel-linux-x86_64-fedora-clang 0.1 61.88 NOTE
r-devel-linux-x86_64-fedora-gcc 0.1 50.36 NOTE
r-devel-windows-x86_64-new-UL 0.1 18.00 88.00 106.00 NOTE
r-devel-windows-x86_64-new-TK 0.1 NOTE
r-devel-windows-x86_64-old 0.1 9.00 57.00 66.00 NOTE
r-patched-linux-x86_64 0.1 5.85 34.79 40.64 NOTE
r-patched-solaris-x86 0.1 72.20 NOTE
r-release-linux-x86_64 0.1 NOTE
r-release-macos-arm64 0.1 NOTE
r-release-macos-x86_64 0.1 NOTE
r-release-windows-ix86+x86_64 0.1 10.00 62.00 72.00 NOTE
r-oldrel-macos-x86_64 0.1 NOTE
r-oldrel-windows-ix86+x86_64 0.1 9.00 56.00 65.00 NOTE

Check Details

Version: 0.1
Check: R code for possible problems
Result: NOTE
    .computeValueReduct: no visible global function definition for 'combn'
    .findAllReductsFromCore: no visible global function definition for
     'combn'
    .findFirstReductsFromCore: no visible global function definition for
     'combn'
    .findSmallestReductFamilyFromCore: no visible global function
     definition for 'combn'
    Undefined global functions or variables:
     combn
    Consider adding
     importFrom("utils", "combn")
    to your NAMESPACE file.
Flavors: r-devel-linux-x86_64-debian-clang, r-devel-linux-x86_64-debian-gcc, r-devel-linux-x86_64-fedora-clang, r-devel-linux-x86_64-fedora-gcc, r-devel-windows-x86_64-new-UL, r-devel-windows-x86_64-new-TK, r-devel-windows-x86_64-old, r-patched-linux-x86_64, r-patched-solaris-x86, r-release-linux-x86_64, r-release-macos-arm64, r-release-macos-x86_64, r-release-windows-ix86+x86_64, r-oldrel-macos-x86_64, r-oldrel-windows-ix86+x86_64