CRAN Package Check Results for Package RobinHood

Last updated on 2021-09-23 08:51:18 CEST.

Flavor Version Tinstall Tcheck Ttotal Status Flags
r-devel-linux-x86_64-debian-clang 1.6 6.80 45.07 51.87 OK
r-devel-linux-x86_64-debian-gcc 1.6 5.08 34.96 40.04 OK
r-devel-linux-x86_64-fedora-clang 1.6 71.01 OK
r-devel-linux-x86_64-fedora-gcc 1.6 59.23 OK
r-devel-windows-x86_64 1.6 7.00 46.00 53.00 OK
r-devel-windows-x86_64-gcc10-UCRT 1.6 ERROR
r-patched-linux-x86_64 1.6 5.96 43.38 49.34 OK
r-patched-solaris-x86 1.6 81.30 OK
r-release-linux-x86_64 1.6 4.24 43.12 47.36 OK
r-release-macos-arm64 1.6 OK
r-release-macos-x86_64 1.6 OK
r-release-windows-ix86+x86_64 1.6 12.00 66.00 78.00 OK
r-oldrel-macos-x86_64 1.6 OK
r-oldrel-windows-ix86+x86_64 1.6 9.00 46.00 55.00 OK

Check Details

Version: 1.6
Check: PDF version of manual
Result: WARN
    LaTeX errors when creating PDF version.
    This typically indicates Rd problems.
Flavor: r-devel-windows-x86_64-gcc10-UCRT

Version: 1.6
Check: PDF version of manual without hyperrefs or index
Result: ERROR
    Re-running with no redirection of stdout/stderr.
Flavor: r-devel-windows-x86_64-gcc10-UCRT