CRAN Package Check Results for Package RobMixReg

Last updated on 2022-06-30 21:49:52 CEST.

Flavor Version Tinstall Tcheck Ttotal Status Flags
r-devel-linux-x86_64-debian-clang 1.1.0 12.36 103.50 115.86 OK
r-devel-linux-x86_64-debian-gcc 1.1.0 11.03 77.14 88.17 OK
r-devel-linux-x86_64-fedora-clang 1.1.0 146.84 WARN
r-devel-linux-x86_64-fedora-gcc 1.1.0 146.25 WARN
r-devel-windows-x86_64 1.1.0 18.00 131.00 149.00 OK
r-patched-linux-x86_64 1.1.0 12.43 99.28 111.71 OK
r-release-linux-x86_64 1.1.0 10.26 98.23 108.49 OK
r-release-macos-arm64 1.1.0 41.00 NOTE
r-release-macos-x86_64 1.1.0 68.00 NOTE
r-release-windows-x86_64 1.1.0 50.00 119.00 169.00 OK
r-oldrel-macos-arm64 1.1.0 52.00 NOTE
r-oldrel-macos-x86_64 1.1.0 73.00 NOTE
r-oldrel-windows-ix86+x86_64 1.1.0 27.00 124.00 151.00 OK

Check Details

Version: 1.1.0
Check: package dependencies
Result: WARN
    Requires orphaned package: ‘gtools’
Flavors: r-devel-linux-x86_64-fedora-clang, r-devel-linux-x86_64-fedora-gcc

Version: 1.1.0
Check: dependencies in R code
Result: NOTE
    Namespace in Imports field not imported from: ‘glmnet’
     All declared Imports should be used.
Flavors: r-devel-linux-x86_64-fedora-clang, r-devel-linux-x86_64-fedora-gcc, r-release-macos-arm64, r-release-macos-x86_64, r-oldrel-macos-arm64, r-oldrel-macos-x86_64