CRAN Package Check Results for Package RobLoxBioC

Last updated on 2020-09-23 13:05:02 CEST.

Flavor Version Tinstall Tcheck Ttotal Status Flags
r-devel-linux-x86_64-debian-clang 1.2.0 31.70 273.00 304.70 OK
r-devel-linux-x86_64-debian-gcc 1.2.0 27.10 204.72 231.82 OK
r-devel-linux-x86_64-fedora-clang 1.2.0 372.87 NOTE
r-devel-linux-x86_64-fedora-gcc 1.2.0 364.27 OK
r-devel-windows-ix86+x86_64 1.2.0 71.00 218.00 289.00 OK
r-patched-linux-x86_64 1.2.0 30.20 248.66 278.86 OK
r-patched-solaris-x86 1.2.0 490.30 NOTE
r-release-linux-x86_64 1.2.0 25.95 248.33 274.28 OK
r-release-macos-x86_64 1.2.0 NOTE
r-release-windows-ix86+x86_64 1.2.0 76.00 303.00 379.00 OK
r-oldrel-macos-x86_64 1.2.0 ERROR
r-oldrel-windows-ix86+x86_64 1.2.0 41.00 232.00 273.00 OK

Check Details

Version: 1.2.0
Check: Rd cross-references
Result: NOTE
    Undeclared package ‘distrEx’ in Rd xrefs
Flavor: r-devel-linux-x86_64-fedora-clang

Version: 1.2.0
Check: package dependencies
Result: NOTE
    Packages suggested but not available for checking:
     'affydata', 'hgu95av2cdf', 'illuminaHumanv3.db'
Flavor: r-patched-solaris-x86

Version: 1.2.0
Check: package dependencies
Result: NOTE
    Packages suggested but not available for checking:
     'affydata', 'hgu95av2cdf', 'beadarrayExampleData',
     'illuminaHumanv3.db'
Flavors: r-release-macos-x86_64, r-oldrel-macos-x86_64

Version: 1.2.0
Check: whether package can be installed
Result: ERROR
    Installation failed.
Flavor: r-oldrel-macos-x86_64