CRAN Package Check Results for Package RobKF

Last updated on 2021-12-07 19:49:56 CET.

Flavor Version Tinstall Tcheck Ttotal Status Flags
r-devel-linux-x86_64-debian-clang 1.0.2 321.16 101.55 422.71 OK
r-devel-linux-x86_64-debian-gcc 1.0.2 221.27 84.68 305.95 OK
r-devel-linux-x86_64-fedora-clang 1.0.2 634.94 NOTE
r-devel-linux-x86_64-fedora-gcc 1.0.2 536.24 OK
r-devel-windows-x86_64-new-UL 1.0.2 379.00 162.00 541.00 OK
r-devel-windows-x86_64-new-TK 1.0.2 OK
r-devel-windows-x86_64-old 1.0.2 392.00 130.00 522.00 OK
r-patched-linux-x86_64 1.0.2 250.66 102.92 353.58 OK
r-release-linux-x86_64 1.0.2 246.03 103.58 349.61 OK
r-release-macos-arm64 1.0.2 NOTE
r-release-macos-x86_64 1.0.2 NOTE
r-release-windows-ix86+x86_64 1.0.2 534.00 179.00 713.00 OK
r-oldrel-macos-x86_64 1.0.2 NOTE
r-oldrel-windows-ix86+x86_64 1.0.2 757.00 179.00 936.00 OK

Check Details

Version: 1.0.2
Check: installed package size
Result: NOTE
     installed size is 22.8Mb
     sub-directories of 1Mb or more:
     libs 22.7Mb
Flavors: r-devel-linux-x86_64-fedora-clang, r-release-macos-arm64, r-release-macos-x86_64, r-oldrel-macos-x86_64