Last updated on 2023-09-27 21:01:33 CEST.
Flavor | Version | Tinstall | Tcheck | Ttotal | Status | Flags |
---|---|---|---|---|---|---|
r-devel-linux-x86_64-debian-clang | 1.2.3 | 39.97 | 209.45 | 249.42 | NOTE | |
r-devel-linux-x86_64-debian-gcc | 1.2.3 | 35.86 | 157.65 | 193.51 | NOTE | |
r-devel-linux-x86_64-fedora-clang | 1.2.3 | 307.39 | NOTE | |||
r-devel-linux-x86_64-fedora-gcc | 1.2.3 | 325.36 | NOTE | |||
r-devel-windows-x86_64 | 1.2.3 | 36.00 | 169.00 | 205.00 | NOTE | |
r-patched-linux-x86_64 | 1.2.3 | 49.22 | 201.02 | 250.24 | OK | |
r-release-linux-x86_64 | 1.2.3 | 48.40 | 202.22 | 250.62 | OK | |
r-release-macos-arm64 | 1.2.3 | 76.00 | OK | |||
r-release-macos-x86_64 | 1.2.3 | 145.00 | NOTE | |||
r-release-windows-x86_64 | 1.2.3 | 48.00 | 220.00 | 268.00 | OK | |
r-oldrel-macos-arm64 | 1.2.3 | 93.00 | OK | |||
r-oldrel-macos-x86_64 | 1.2.3 | 102.00 | OK | |||
r-oldrel-windows-x86_64 | 1.2.3 | 50.00 | 209.00 | 259.00 | OK |
Version: 1.2.3
Check: Rd \usage sections
Result: NOTE
Documented arguments not in \usage in documentation object 'internals_for_RobAStBase_plot':
‘panelFirst’
Documented arguments not in \usage in documentation object 'internals_for_RobAStBase':
‘L2fam’
Objects in \usage without \alias in documentation object 'internals_for_RobAStBase':
‘.evalListRec’ ‘.filterEargsWEargList’
Functions with \usage entries need to have the appropriate \alias
entries, and all their arguments documented.
The \usage entries must correspond to syntactically valid R code.
See chapter ‘Writing R documentation files’ in the ‘Writing R
Extensions’ manual.
Flavors: r-devel-linux-x86_64-debian-clang, r-devel-linux-x86_64-debian-gcc, r-devel-linux-x86_64-fedora-clang, r-devel-linux-x86_64-fedora-gcc, r-devel-windows-x86_64
Version: 1.2.3
Check: package dependencies
Result: NOTE
Package suggested but not available for checking: ‘ROptEst’
Flavor: r-release-macos-x86_64
Version: 1.2.3
Check: Rd cross-references
Result: NOTE
Package unavailable to check Rd xrefs: ‘ROptEst’
Flavor: r-release-macos-x86_64