Last updated on 2023-06-10 11:51:36 CEST.
Flavor | Version | Tinstall | Tcheck | Ttotal | Status | Flags |
---|---|---|---|---|---|---|
r-devel-linux-x86_64-debian-clang | 1.1.0 | 562.52 | 118.36 | 680.88 | OK | |
r-devel-linux-x86_64-debian-gcc | 1.1.0 | 543.51 | 119.08 | 662.59 | OK | |
r-devel-linux-x86_64-fedora-clang | 1.1.0 | 888.04 | NOTE | |||
r-devel-linux-x86_64-fedora-gcc | 1.1.0 | 1198.62 | NOTE | |||
r-devel-windows-x86_64 | 1.1.0 | 426.00 | 153.00 | 579.00 | NOTE | |
r-patched-linux-x86_64 | 1.1.0 | 417.86 | 154.13 | 571.99 | OK | |
r-release-linux-x86_64 | 1.1.0 | 447.55 | 154.97 | 602.52 | OK | |
r-release-macos-arm64 | 1.1.0 | 270.00 | NOTE | |||
r-release-macos-x86_64 | 1.0.3 | 434.00 | NOTE | |||
r-release-windows-x86_64 | 1.1.0 | 584.00 | 207.00 | 791.00 | NOTE | |
r-oldrel-macos-arm64 | 1.1.0 | 263.00 | NOTE | |||
r-oldrel-macos-x86_64 | 1.1.0 | 330.00 | NOTE | |||
r-oldrel-windows-x86_64 | 1.1.0 | 538.00 | 188.00 | 726.00 | NOTE |
Version: 1.1.0
Check: installed package size
Result: NOTE
installed size is 6.4Mb
sub-directories of 1Mb or more:
libs 5.7Mb
Flavors: r-devel-linux-x86_64-fedora-clang, r-devel-windows-x86_64, r-release-macos-arm64, r-release-windows-x86_64, r-oldrel-macos-arm64, r-oldrel-macos-x86_64, r-oldrel-windows-x86_64
Version: 1.1.0
Check: Rd cross-references
Result: NOTE
Undeclared package ‘extraDistr’ in Rd xrefs
Flavor: r-devel-linux-x86_64-fedora-clang
Version: 1.1.0
Check: for GNU extensions in Makefiles
Result: NOTE
GNU make is a SystemRequirements.
Flavors: r-devel-linux-x86_64-fedora-clang, r-devel-linux-x86_64-fedora-gcc, r-release-macos-arm64, r-oldrel-macos-arm64, r-oldrel-macos-x86_64
Version: 1.0.3
Check: installed package size
Result: NOTE
installed size is 65.7Mb
sub-directories of 1Mb or more:
libs 65.1Mb
Flavor: r-release-macos-x86_64
Version: 1.0.3
Check: for GNU extensions in Makefiles
Result: NOTE
GNU make is a SystemRequirements.
Flavor: r-release-macos-x86_64