Last updated on 2023-12-10 19:49:24 CET.
Flavor | Version | Tinstall | Tcheck | Ttotal | Status | Flags |
---|---|---|---|---|---|---|
r-devel-linux-x86_64-debian-clang | 1.2.1 | 596.56 | 108.50 | 705.06 | OK | |
r-devel-linux-x86_64-debian-gcc | 1.2.1 | 556.17 | 112.15 | 668.32 | OK | |
r-devel-linux-x86_64-fedora-clang | 1.2.1 | 997.18 | NOTE | |||
r-devel-linux-x86_64-fedora-gcc | 1.2.1 | 1346.28 | NOTE | |||
r-devel-windows-x86_64 | 1.2.1 | 547.00 | 166.00 | 713.00 | NOTE | |
r-patched-linux-x86_64 | 1.2.1 | 482.88 | 147.55 | 630.43 | OK | |
r-release-linux-x86_64 | 1.2.1 | 477.70 | 144.63 | 622.33 | OK | |
r-release-macos-arm64 | 1.2.1 | 328.00 | NOTE | |||
r-release-macos-x86_64 | 1.2.1 | 457.00 | NOTE | |||
r-release-windows-x86_64 | 1.2.1 | 662.00 | 193.00 | 855.00 | NOTE | |
r-oldrel-macos-arm64 | 1.2.1 | 331.00 | NOTE | |||
r-oldrel-macos-x86_64 | 1.2.1 | 532.00 | NOTE | |||
r-oldrel-windows-x86_64 | 1.2.1 | 637.00 | 172.00 | 809.00 | NOTE |
Version: 1.2.1
Check: installed package size
Result: NOTE
installed size is 6.7Mb
sub-directories of 1Mb or more:
libs 6.0Mb
Flavors: r-devel-linux-x86_64-fedora-clang, r-devel-windows-x86_64, r-release-macos-arm64, r-release-macos-x86_64, r-release-windows-x86_64, r-oldrel-macos-arm64, r-oldrel-macos-x86_64, r-oldrel-windows-x86_64
Version: 1.2.1
Check: Rd cross-references
Result: NOTE
Undeclared package ‘extraDistr’ in Rd xrefs
Flavor: r-devel-linux-x86_64-fedora-clang
Version: 1.2.1
Check: for GNU extensions in Makefiles
Result: NOTE
GNU make is a SystemRequirements.
Flavors: r-devel-linux-x86_64-fedora-clang, r-devel-linux-x86_64-fedora-gcc, r-release-macos-arm64, r-release-macos-x86_64, r-oldrel-macos-arm64, r-oldrel-macos-x86_64