Last updated on 2023-06-10 11:51:36 CEST.
Flavor | Version | Tinstall | Tcheck | Ttotal | Status | Flags |
---|---|---|---|---|---|---|
r-devel-linux-x86_64-debian-clang | 1.0.2 | 28.72 | 125.20 | 153.92 | OK | |
r-devel-linux-x86_64-debian-gcc | 1.0.2 | 21.42 | 96.21 | 117.63 | OK | |
r-devel-linux-x86_64-fedora-clang | 1.0.2 | 220.54 | NOTE | |||
r-devel-linux-x86_64-fedora-gcc | 1.0.2 | 219.20 | OK | |||
r-devel-windows-x86_64 | 1.0.2 | 37.00 | 152.00 | 189.00 | OK | |
r-patched-linux-x86_64 | 1.0.2 | 23.73 | 121.52 | 145.25 | OK | |
r-release-linux-x86_64 | 1.0.2 | 26.54 | 119.49 | 146.03 | OK | |
r-release-macos-arm64 | 1.0.2 | 79.00 | OK | |||
r-release-macos-x86_64 | 1.0.1 | 142.00 | OK | |||
r-release-windows-x86_64 | 1.0.2 | 42.00 | 173.00 | 215.00 | OK | |
r-oldrel-macos-arm64 | 1.0.2 | 87.00 | OK | |||
r-oldrel-macos-x86_64 | 1.0.2 | 110.00 | OK | |||
r-oldrel-windows-x86_64 | 1.0.2 | 28.00 | 169.00 | 197.00 | OK |
Version: 1.0.2
Check: Rd cross-references
Result: NOTE
Undeclared package ‘extraDistr’ in Rd xrefs
Flavor: r-devel-linux-x86_64-fedora-clang