Last updated on 2023-12-10 19:49:24 CET.
Flavor | Version | Tinstall | Tcheck | Ttotal | Status | Flags |
---|---|---|---|---|---|---|
r-devel-linux-x86_64-debian-clang | 1.0.2 | 27.02 | 124.39 | 151.41 | OK | |
r-devel-linux-x86_64-debian-gcc | 1.0.2 | 20.80 | 92.82 | 113.62 | OK | |
r-devel-linux-x86_64-fedora-clang | 1.0.2 | 215.30 | NOTE | |||
r-devel-linux-x86_64-fedora-gcc | 1.0.2 | 225.21 | OK | |||
r-devel-windows-x86_64 | 1.0.2 | 35.00 | 147.00 | 182.00 | OK | |
r-patched-linux-x86_64 | 1.0.2 | 26.32 | 120.47 | 146.79 | OK | |
r-release-linux-x86_64 | 1.0.2 | 25.75 | 120.44 | 146.19 | OK | |
r-release-macos-arm64 | 1.0.2 | 79.00 | OK | |||
r-release-macos-x86_64 | 1.0.2 | 172.00 | OK | |||
r-release-windows-x86_64 | 1.0.2 | 42.00 | 169.00 | 211.00 | OK | |
r-oldrel-macos-arm64 | 1.0.2 | 87.00 | OK | |||
r-oldrel-macos-x86_64 | 1.0.2 | 110.00 | OK | |||
r-oldrel-windows-x86_64 | 1.0.2 | 31.00 | 162.00 | 193.00 | OK |
Version: 1.0.2
Check: Rd cross-references
Result: NOTE
Undeclared package ‘extraDistr’ in Rd xrefs
Flavor: r-devel-linux-x86_64-fedora-clang