CRAN Package Check Results for Package RoBMA

Last updated on 2024-02-29 07:52:47 CET.

Flavor Version Tinstall Tcheck Ttotal Status Flags
r-devel-linux-x86_64-debian-clang 3.1.0 47.29 178.26 225.55 OK
r-devel-linux-x86_64-debian-gcc 3.1.0 34.34 129.29 163.63 OK
r-devel-linux-x86_64-fedora-clang 3.1.0 314.76 NOTE
r-devel-linux-x86_64-fedora-gcc 3.1.0 447.10 OK
r-devel-windows-x86_64 3.1.0 51.00 299.00 350.00 OK
r-patched-linux-x86_64 3.1.0 48.81 171.65 220.46 OK
r-release-linux-x86_64 3.1.0 43.44 172.88 216.32 OK
r-release-macos-arm64 3.1.0 225.00 OK
r-release-macos-x86_64 3.1.0 497.00 OK
r-release-windows-x86_64 3.1.0 65.00 339.00 404.00 OK
r-oldrel-macos-arm64 3.1.0 217.00 OK
r-oldrel-windows-x86_64 3.1.0 50.00 332.00 382.00 OK

Check Details

Version: 3.1.0
Check: Rd cross-references
Result: NOTE Undeclared packages ‘bridgesampling’, ‘rstan’, ‘extraDistr’ in Rd xrefs Flavor: r-devel-linux-x86_64-fedora-clang