Last updated on 2023-06-01 21:53:06 CEST.
Flavor | Version | Tinstall | Tcheck | Ttotal | Status | Flags |
---|---|---|---|---|---|---|
r-devel-linux-x86_64-debian-clang | 2.3.2 | 39.87 | 122.01 | 161.88 | OK | |
r-devel-linux-x86_64-debian-gcc | 2.3.2 | 31.84 | 93.44 | 125.28 | OK | |
r-devel-linux-x86_64-fedora-clang | 3.0.0 | 64.78 | ERROR | |||
r-devel-linux-x86_64-fedora-gcc | 3.0.0 | 280.38 | OK | |||
r-devel-windows-x86_64 | 2.3.2 | 52.00 | 210.00 | 262.00 | OK | |
r-patched-linux-x86_64 | 2.3.2 | OK | ||||
r-release-linux-x86_64 | 2.3.2 | 36.59 | 117.78 | 154.37 | OK | |
r-release-macos-arm64 | 2.3.2 | 136.00 | OK | |||
r-release-macos-x86_64 | 2.3.2 | 237.00 | NOTE | |||
r-release-windows-x86_64 | 2.3.2 | 56.00 | 239.00 | 295.00 | OK | |
r-oldrel-macos-arm64 | 2.3.2 | 111.00 | OK | |||
r-oldrel-macos-x86_64 | 2.3.2 | 158.00 | OK | |||
r-oldrel-windows-x86_64 | 2.3.2 | 40.00 | 230.00 | 270.00 | OK |
Version: 3.0.0
Check: whether package can be installed
Result: ERROR
Installation failed.
Flavor: r-devel-linux-x86_64-fedora-clang
Version: 2.3.2
Check: package dependencies
Result: NOTE
Packages suggested but not available for checking: 'rstan', 'metaBMA'
Flavor: r-release-macos-x86_64
Version: 2.3.2
Check: Rd cross-references
Result: NOTE
Package unavailable to check Rd xrefs: ‘rstan’
Flavor: r-release-macos-x86_64