CRAN Package Check Results for Package Rglpk

Last updated on 2022-01-23 19:48:40 CET.

Flavor Version Tinstall Tcheck Ttotal Status Flags
r-devel-linux-x86_64-debian-clang 0.6-4 4.39 33.46 37.85 OK
r-devel-linux-x86_64-debian-gcc 0.6-4 3.19 28.05 31.24 OK
r-devel-linux-x86_64-fedora-clang 0.6-4 47.48 NOTE
r-devel-linux-x86_64-fedora-gcc 0.6-4 37.05 OK
r-devel-windows-x86_64-new-UL 0.6-4 23.00 57.00 80.00 OK
r-devel-windows-x86_64-new-TK 0.6-4 OK
r-patched-linux-x86_64 0.6-4 3.39 31.81 35.20 OK
r-release-linux-x86_64 0.6-4 3.36 32.46 35.82 OK
r-release-macos-arm64 0.6-4 NOTE
r-release-macos-x86_64 0.6-4 OK
r-release-windows-ix86+x86_64 0.6-4 12.00 54.00 66.00 OK
r-oldrel-macos-x86_64 0.6-4 NOTE
r-oldrel-windows-ix86+x86_64 0.6-4 13.00 55.00 68.00 OK

Check Details

Version: 0.6-4
Check: Rd cross-references
Result: NOTE
    Undeclared packages ‘lpSolve’, ‘ROI’, ‘Rsymphony’ in Rd xrefs
Flavor: r-devel-linux-x86_64-fedora-clang

Version: 0.6-4
Check: Rd cross-references
Result: NOTE
    Package unavailable to check Rd xrefs: ‘Rsymphony’
Flavors: r-release-macos-arm64, r-oldrel-macos-x86_64