CRAN Package Check Results for Package Rgff

Last updated on 2023-02-03 19:52:17 CET.

Flavor Version Tinstall Tcheck Ttotal Status Flags
r-devel-linux-x86_64-debian-clang 0.1.6 4.87 80.42 85.29 OK
r-devel-linux-x86_64-debian-gcc 0.1.6 4.60 60.09 64.69 OK
r-devel-linux-x86_64-fedora-clang 0.1.6 111.92 NOTE
r-devel-linux-x86_64-fedora-gcc 0.1.6 123.66 NOTE
r-devel-windows-x86_64 0.1.6 23.00 130.00 153.00 OK
r-patched-linux-x86_64 0.1.6 3.94 77.44 81.38 OK
r-release-linux-x86_64 0.1.6 3.71 84.57 88.28 OK
r-release-macos-arm64 0.1.6 42.00 NOTE
r-release-macos-x86_64 0.1.6 55.00 NOTE
r-release-windows-x86_64 0.1.6 27.00 151.00 178.00 OK
r-oldrel-macos-arm64 0.1.6 43.00 NOTE
r-oldrel-macos-x86_64 0.1.6 55.00 NOTE
r-oldrel-windows-ix86+x86_64 0.1.6 12.00 107.00 119.00 OK

Check Details

Version: 0.1.6
Check: dependencies in R code
Result: NOTE
    Namespace in Imports field not imported from: ‘tidyr’
     All declared Imports should be used.
Flavors: r-devel-linux-x86_64-fedora-clang, r-devel-linux-x86_64-fedora-gcc, r-release-macos-arm64, r-release-macos-x86_64, r-oldrel-macos-arm64, r-oldrel-macos-x86_64