CRAN Package Check Results for Package ResourceSelection

Last updated on 2020-07-14 09:50:46 CEST.

Flavor Version Tinstall Tcheck Ttotal Status Flags
r-devel-linux-x86_64-debian-clang 0.3-5 8.18 141.84 150.02 OK
r-devel-linux-x86_64-debian-gcc 0.3-5 7.07 107.08 114.15 OK
r-devel-linux-x86_64-fedora-clang 0.3-5 196.73 OK
r-devel-linux-x86_64-fedora-gcc 0.3-5 186.21 OK
r-devel-windows-ix86+x86_64 0.3-5 20.00 229.00 249.00 OK
r-patched-linux-x86_64 0.3-5 9.05 137.34 146.39 OK
r-patched-solaris-x86 0.3-5 304.20 OK
r-release-linux-x86_64 0.3-5 7.65 139.05 146.70 OK
r-release-macos-x86_64 0.3-5 ERROR
r-release-windows-ix86+x86_64 0.3-5 19.00 192.00 211.00 OK
r-oldrel-macos-x86_64 0.3-5 OK
r-oldrel-windows-ix86+x86_64 0.3-5 17.00 202.00 219.00 OK

Check Details

Version: 0.3-5
Check: whether package can be installed
Result: ERROR
    Installation failed.
Flavor: r-release-macos-x86_64